NOAA-Style Climate Reports
Select a Year or Month report
2024: Gen Feb Mar Apr Mag Giu Lug Ago Set Ott Nov Dic
2023: Gen Feb Mar Apr Mag Giu Lug Ago Set Ott Nov Dic
2022: Gen Feb Mar Apr Mag Giu Lug Ago Set Ott Nov Dic
2021: Gen Feb Mar Apr Mag Giu Lug Ago Set Ott Nov Dic
2020: Gen Feb Mar Apr Mag Giu Lug Ago Set Ott Nov Dic
2019: Gen Feb Mar Apr Mag Giu Lug Ago Set Ott Nov Dic
2018: Gen Feb Mar Apr Mag Giu Lug Ago Set Ott Nov Dic
2017: Gen Feb Mar Apr Mag Giu Lug Ago Set Ott Nov Dic
2016: Gen Feb Mar Apr Mag Giu Lug Ago Set Ott Nov Dic
2015: Gen Feb Mar Apr Mag Giu Lug Ago Set Ott Nov Dic
2014: Gen Feb Mar Apr Mag Giu Lug Ago Set Ott Nov Dic
2013: Gen Feb Mar Apr Mag Giu Lug Ago Set Ott Nov Dic
2024: Gen Feb Mar Apr Mag Giu Lug Ago Set Ott Nov Dic
2023: Gen Feb Mar Apr Mag Giu Lug Ago Set Ott Nov Dic
2022: Gen Feb Mar Apr Mag Giu Lug Ago Set Ott Nov Dic
2021: Gen Feb Mar Apr Mag Giu Lug Ago Set Ott Nov Dic
2020: Gen Feb Mar Apr Mag Giu Lug Ago Set Ott Nov Dic
2019: Gen Feb Mar Apr Mag Giu Lug Ago Set Ott Nov Dic
2018: Gen Feb Mar Apr Mag Giu Lug Ago Set Ott Nov Dic
2017: Gen Feb Mar Apr Mag Giu Lug Ago Set Ott Nov Dic
2016: Gen Feb Mar Apr Mag Giu Lug Ago Set Ott Nov Dic
2015: Gen Feb Mar Apr Mag Giu Lug Ago Set Ott Nov Dic
2014: Gen Feb Mar Apr Mag Giu Lug Ago Set Ott Nov Dic
2013: Gen Feb Mar Apr Mag Giu Lug Ago Set Ott Nov Dic
Report for 2019 Agosto
Monthly Climatological Summary for ago 2019 Name: Meteo Arquà City: Arquà Polesine State: Italia Elevation: 8 m Lat: N 45° 00' 15" Lon: E 011° 44' 27" Temperature (°C), Rain (mm), Wind Speed (km/h) Heat Cool Avg Mean Deg Deg Wind Dom Day Temp High Time Low Time Days Days Rain Speed High Time Dir ---------------------------------------------------------------------------------- 1 26,7 33,8 14:45 19,9 06:05 0,0 8,4 0,0 0,0 8,0 08:56 NW 2 23,9 29,9 14:23 17,9 23:56 0,0 5,5 8,0 1,8 40,2 17:28 NNW 3 23,6 31,5 16:31 15,7 05:33 0,5 5,7 0,2 0,3 8,0 12:03 W 4 25,3 31,7 14:49 19,0 06:14 0,0 7,0 0,0 ---- 9,7 14:05 ESE 5 26,2 33,2 15:21 19,7 04:22 0,0 7,8 0,0 0,0 11,3 19:30 ESE 6 27,1 33,2 15:41 21,4 05:11 0,0 8,7 0,0 0,3 8,0 12:33 E 7 25,9 31,3 13:09 19,8 05:46 0,0 7,6 0,0 1,1 16,1 00:28 E 8 25,7 33,0 15:37 19,3 05:41 0,0 7,4 0,0 1,4 16,1 00:41 NW 9 27,5 34,0 16:32 20,9 06:23 0,0 9,2 0,0 0,4 11,3 13:46 NW 10 29,4 35,6 14:23 23,0 05:58 0,0 10,8 0,0 0,4 8,0 12:39 SE 11 29,1 34,7 15:15 24,0 06:08 0,0 10,7 0,0 0,4 12,9 13:30 E 12 27,0 32,4 13:15 22,7 06:12 0,0 8,7 0,4 ---- 12,9 21:29 N 13 25,0 32,6 13:48 19,2 06:41 0,0 6,7 0,4 ---- 9,7 18:41 W 14 23,5 28,4 15:38 17,6 23:56 0,0 5,2 0,2 ---- 16,1 06:00 NE 15 23,5 30,7 16:21 16,2 03:15 0,2 5,4 0,0 ---- 8,0 12:30 NNE 16 23,3 30,4 15:32 16,6 06:31 0,2 5,2 0,6 ---- 22,5 01:51 N 17 23,7 32,1 17:02 14,8 06:36 0,6 6,0 0,0 ---- 8,0 18:58 WNW 18 25,9 33,8 14:47 19,2 06:32 0,0 7,6 0,0 ---- 9,7 09:49 ENE 19 26,9 34,2 15:58 20,9 06:01 0,0 8,6 0,0 0,0 8,0 09:47 ENE 20 27,3 33,5 15:42 21,8 03:11 0,0 9,0 0,0 0,4 8,0 11:53 ENE 21 26,6 32,8 15:00 21,6 01:44 0,0 8,3 0,0 ---- 12,9 22:08 NNW 22 23,4 27,5 14:18 19,8 07:48 0,0 5,0 4,4 0,5 12,9 07:28 N 23 23,2 28,8 17:12 19,3 04:32 0,0 4,9 0,8 0,7 9,7 12:13 NW 24 25,1 31,9 15:06 19,1 06:34 0,0 6,8 0,2 0,0 14,5 20:05 WNW 25 24,5 32,3 14:55 17,9 06:29 0,0 6,2 0,0 ---- 9,7 14:32 WNW 26 25,4 32,0 14:34 18,8 05:35 0,0 7,1 0,0 ---- 11,3 12:09 NE 27 25,9 34,0 15:58 18,3 05:27 0,0 7,6 0,0 ---- 8,0 10:09 NW 28 25,8 33,1 14:10 20,6 05:38 0,0 7,5 0,0 ---- 16,1 18:20 W 29 25,5 33,4 15:31 19,3 06:27 0,0 7,2 0,0 ---- 14,5 08:58 W 30 26,1 33,3 14:22 19,6 06:30 0,0 7,4 0,0 1,1 11,3 15:01 NE 31 26,3 34,2 15:05 18,9 06:33 0,0 8,0 0,0 0,0 12,9 17:59 NW ---------------------------------------------------------------------------------- 25,6 35,6 10 14,8 17 1,5 227,2 15,2 0,6 40,2 2 N Max >= 27,0: 31 Max <= 0,0: 0 Min <= 0,0: 0 Min <= -18,0: 0 Max Rain: 8,0 on day 2 Days of Rain: 9 (>= 0,2 mm) 2 (>= 2,0 mm) 0 (>= 20,0 mm) Heat Base: 18,3 Cool Base: 18,3 Method: Integration