NOAA-Style Climate Reports
Select a Year or Month report
2024: Gen Feb Mar Apr Mag Giu Lug Ago Set Ott Nov Dic
2023: Gen Feb Mar Apr Mag Giu Lug Ago Set Ott Nov Dic
2022: Gen Feb Mar Apr Mag Giu Lug Ago Set Ott Nov Dic
2021: Gen Feb Mar Apr Mag Giu Lug Ago Set Ott Nov Dic
2020: Gen Feb Mar Apr Mag Giu Lug Ago Set Ott Nov Dic
2019: Gen Feb Mar Apr Mag Giu Lug Ago Set Ott Nov Dic
2018: Gen Feb Mar Apr Mag Giu Lug Ago Set Ott Nov Dic
2017: Gen Feb Mar Apr Mag Giu Lug Ago Set Ott Nov Dic
2016: Gen Feb Mar Apr Mag Giu Lug Ago Set Ott Nov Dic
2015: Gen Feb Mar Apr Mag Giu Lug Ago Set Ott Nov Dic
2014: Gen Feb Mar Apr Mag Giu Lug Ago Set Ott Nov Dic
2013: Gen Feb Mar Apr Mag Giu Lug Ago Set Ott Nov Dic
2024: Gen Feb Mar Apr Mag Giu Lug Ago Set Ott Nov Dic
2023: Gen Feb Mar Apr Mag Giu Lug Ago Set Ott Nov Dic
2022: Gen Feb Mar Apr Mag Giu Lug Ago Set Ott Nov Dic
2021: Gen Feb Mar Apr Mag Giu Lug Ago Set Ott Nov Dic
2020: Gen Feb Mar Apr Mag Giu Lug Ago Set Ott Nov Dic
2019: Gen Feb Mar Apr Mag Giu Lug Ago Set Ott Nov Dic
2018: Gen Feb Mar Apr Mag Giu Lug Ago Set Ott Nov Dic
2017: Gen Feb Mar Apr Mag Giu Lug Ago Set Ott Nov Dic
2016: Gen Feb Mar Apr Mag Giu Lug Ago Set Ott Nov Dic
2015: Gen Feb Mar Apr Mag Giu Lug Ago Set Ott Nov Dic
2014: Gen Feb Mar Apr Mag Giu Lug Ago Set Ott Nov Dic
2013: Gen Feb Mar Apr Mag Giu Lug Ago Set Ott Nov Dic
Report for 2019 Ottobre
Monthly Climatological Summary for ott 2019 Name: Meteo Arquà City: Arquà Polesine State: Italia Elevation: 8 m Lat: N 45° 00' 15" Lon: E 011° 44' 27" Temperature (°C), Rain (mm), Wind Speed (m/s) Heat Cool Avg Mean Deg Deg Wind Dom Day Temp High Time Low Time Days Days Rain Speed High Time Dir ---------------------------------------------------------------------------------- 1 22,1 28,9 15:06 17,8 02:13 0,0 3,8 0,0 0,0 8,0 09:55 WNW 2 18,9 24,4 16:44 15,6 05:46 0,5 1,1 5,2 0,1 4,8 16:30 W 3 14,7 20,9 16:16 10,0 23:35 3,8 0,2 20,6 ---- 20,9 04:27 WNW 4 13,7 20,9 14:58 7,3 05:21 4,9 0,3 0,2 ---- 4,8 09:19 WNW 5 15,7 21,6 14:39 10,6 07:39 3,1 0,5 0,0 ---- 12,9 14:23 WNW 6 15,8 20,6 15:42 11,5 02:15 3,0 0,4 0,0 ---- 11,3 15:14 E 7 14,9 20,4 15:39 11,0 22:45 3,7 0,3 8,2 ---- 12,9 12:33 NNE 8 14,7 20,6 14:53 10,4 07:28 3,9 0,3 0,0 ---- 11,3 10:35 NE 9 15,8 22,1 13:44 10,6 03:11 3,2 0,7 0,0 ---- 12,9 20:38 NNE 10 16,0 21,8 14:45 11,2 23:58 2,9 0,6 0,0 ---- 16,1 11:33 WNW 11 15,1 23,3 16:07 9,6 03:53 4,0 0,9 0,2 ---- 9,7 14:53 WNW 12 14,8 21,3 15:10 9,7 06:18 3,9 0,5 0,2 ---- 11,3 12:52 WNW 13 15,5 22,4 16:16 9,9 06:56 3,5 0,7 0,0 ---- 8,0 12:43 WNW ---------------------------------------------------------------------------------- 16,0 28,9 1 7,3 4 40,4 10,3 34,6 0,1 20,9 3 W Max >= 27,0: 1 Max <= 0,0: 0 Min <= 0,0: 0 Min <= -18,0: 0 Max Rain: 20,6 on day 3 Days of Rain: 6 (>= 0,2 mm) 3 (>= 2,0 mm) 1 (>= 20,0 mm) Heat Base: 18,3 Cool Base: 18,3 Method: Integration