NOAA-Style Climate Reports
Select a Year or Month report
2024: Gen Feb Mar Apr Mag Giu Lug Ago Set Ott Nov Dic
2023: Gen Feb Mar Apr Mag Giu Lug Ago Set Ott Nov Dic
2022: Gen Feb Mar Apr Mag Giu Lug Ago Set Ott Nov Dic
2021: Gen Feb Mar Apr Mag Giu Lug Ago Set Ott Nov Dic
2020: Gen Feb Mar Apr Mag Giu Lug Ago Set Ott Nov Dic
2019: Gen Feb Mar Apr Mag Giu Lug Ago Set Ott Nov Dic
2018: Gen Feb Mar Apr Mag Giu Lug Ago Set Ott Nov Dic
2017: Gen Feb Mar Apr Mag Giu Lug Ago Set Ott Nov Dic
2016: Gen Feb Mar Apr Mag Giu Lug Ago Set Ott Nov Dic
2015: Gen Feb Mar Apr Mag Giu Lug Ago Set Ott Nov Dic
2014: Gen Feb Mar Apr Mag Giu Lug Ago Set Ott Nov Dic
2013: Gen Feb Mar Apr Mag Giu Lug Ago Set Ott Nov Dic
2024: Gen Feb Mar Apr Mag Giu Lug Ago Set Ott Nov Dic
2023: Gen Feb Mar Apr Mag Giu Lug Ago Set Ott Nov Dic
2022: Gen Feb Mar Apr Mag Giu Lug Ago Set Ott Nov Dic
2021: Gen Feb Mar Apr Mag Giu Lug Ago Set Ott Nov Dic
2020: Gen Feb Mar Apr Mag Giu Lug Ago Set Ott Nov Dic
2019: Gen Feb Mar Apr Mag Giu Lug Ago Set Ott Nov Dic
2018: Gen Feb Mar Apr Mag Giu Lug Ago Set Ott Nov Dic
2017: Gen Feb Mar Apr Mag Giu Lug Ago Set Ott Nov Dic
2016: Gen Feb Mar Apr Mag Giu Lug Ago Set Ott Nov Dic
2015: Gen Feb Mar Apr Mag Giu Lug Ago Set Ott Nov Dic
2014: Gen Feb Mar Apr Mag Giu Lug Ago Set Ott Nov Dic
2013: Gen Feb Mar Apr Mag Giu Lug Ago Set Ott Nov Dic
Report for 2019 Novembre
Monthly Climatological Summary for nov 2019 Name: Meteo Arquà Polesine City: Arquà Polesine (RO) State: Italia Elevation: 8 m Lat: N 45 00 16 Lon: E 011 44 27 Temperature (°C), Rain (mm), Wind Speed (km/h) Heat Cool Avg Mean Deg Deg Wind Dom Day Temp High Time Low Time Days Days Rain Speed High Time Dir ---------------------------------------------------------------------------------- 01 11,0 14,8 15:01 7,5 07:11 7,2 0,0 0,0 0,6 12,9 09:15 NW 02 10,6 11,4 03:10 9,9 10:49 7,7 0,0 5,8 0,2 9,7 11:51 NW 03 13,4 14,9 15:14 12,4 23:58 1,8 0,0 1,0 0,5 32,2 15:05 WNW 04 13,3 19,1 14:00 8,9 06:49 5,0 0,0 0,2 1,9 14,5 03:24 W 05 13,7 17,8 13:57 10,7 23:27 4,6 0,0 3,8 0,4 12,9 06:04 N 06 10,7 14,9 13:49 7,7 04:45 7,6 0,0 0,2 0,1 12,9 12:19 S 07 10,0 12,4 14:21 8,2 03:00 8,2 0,0 0,2 0,3 8,0 08:11 WNW 08 11,7 13,9 13:14 10,7 02:18 6,6 0,0 19,0 0,4 12,9 02:42 NW 09 9,8 13,3 12:23 6,4 23:57 8,5 0,0 4,2 1,0 17,7 05:49 W 10 7,3 13,2 13:52 2,4 07:24 11,0 0,0 0,2 0,6 12,9 09:20 W 11 8,4 9,9 15:09 4,6 00:37 9,9 0,0 5,4 1,4 16,1 15:01 N 12 10,6 12,1 15:14 9,0 23:49 7,7 0,0 26,0 4,0 25,7 21:05 NW 13 8,5 12,1 12:07 4,0 22:37 9,8 0,0 2,8 3,5 25,7 11:48 W 14 8,7 13,6 13:46 3,4 01:13 9,6 0,0 1,2 1,0 12,9 10:00 NNE 15 11,6 15,4 11:53 6,9 23:58 6,7 0,0 12,4 1,9 20,9 17:06 ESE 16 9,2 12,2 13:07 5,5 01:55 9,1 0,0 9,4 0,2 11,3 23:56 WNW 17 10,1 14,5 15:22 5,7 23:30 8,2 0,0 24,6 2,4 17,7 15:51 WNW 18 8,0 13,7 13:55 2,4 05:39 10,3 0,0 11,4 0,9 19,3 23:18 N 19 10,6 12,1 14:42 8,9 02:18 7,7 0,0 9,4 2,9 19,3 01:05 N 20 10,5 13,2 13:55 8,5 07:32 7,8 0,0 0,2 3,3 17,7 11:28 W 21 9,7 12,2 14:08 8,4 23:27 8,6 0,0 0,0 0,3 8,0 00:13 W 22 11,1 15,1 13:05 8,1 03:42 7,2 0,0 0,2 0,3 8,0 05:42 NNE 23 12,7 14,9 12:27 10,3 00:22 5,6 0,0 4,8 1,0 11,3 13:19 NE 24 14,3 17,3 13:43 12,6 22:19 4,0 0,0 38,8 1,6 17,7 22:43 NE 25 13,6 17,7 13:22 9,6 23:52 4,7 0,0 0,4 1,4 14,5 00:44 NW 26 9,7 14,2 14:33 6,4 23:57 8,6 0,0 0,2 0,1 8,0 12:40 WNW 27 9,0 11,1 15:42 5,8 03:21 9,3 0,0 5,4 1,0 11,3 13:57 NNW 28 9,8 10,6 00:00 9,1 07:45 8,5 0,0 0,0 1,4 11,3 19:53 W 29 8,7 11,8 15:04 4,8 06:36 9,6 0,0 0,2 1,3 14,5 23:23 W 30 7,8 9,3 16:06 6,7 08:25 10,5 0,0 0,0 1,7 16,1 00:29 WNW ---------------------------------------------------------------------------------- 10,5 19,1 4 2,4 10 231,6 0,0 187,4 1,2 32,2 3 NW Max >= 27,0 0 Max <= 0,0 0 Min <= 0,0 0 Min <= -18,0 0 Max Rain: 38,8 on day 24 Days of Rain: 26 (>= 0,2 mm) 15 (>= 2,0 mm) 3 (>= 20,0 mm) Heat Base: 18,3 Cool Base: 18,3 Method: Integration