NOAA-Style Climate Reports
Select a Year or Month report
2024: Gen Feb Mar Apr Mag Giu Lug Ago Set Ott Nov Dic
2023: Gen Feb Mar Apr Mag Giu Lug Ago Set Ott Nov Dic
2022: Gen Feb Mar Apr Mag Giu Lug Ago Set Ott Nov Dic
2021: Gen Feb Mar Apr Mag Giu Lug Ago Set Ott Nov Dic
2020: Gen Feb Mar Apr Mag Giu Lug Ago Set Ott Nov Dic
2019: Gen Feb Mar Apr Mag Giu Lug Ago Set Ott Nov Dic
2018: Gen Feb Mar Apr Mag Giu Lug Ago Set Ott Nov Dic
2017: Gen Feb Mar Apr Mag Giu Lug Ago Set Ott Nov Dic
2016: Gen Feb Mar Apr Mag Giu Lug Ago Set Ott Nov Dic
2015: Gen Feb Mar Apr Mag Giu Lug Ago Set Ott Nov Dic
2014: Gen Feb Mar Apr Mag Giu Lug Ago Set Ott Nov Dic
2013: Gen Feb Mar Apr Mag Giu Lug Ago Set Ott Nov Dic
2024: Gen Feb Mar Apr Mag Giu Lug Ago Set Ott Nov Dic
2023: Gen Feb Mar Apr Mag Giu Lug Ago Set Ott Nov Dic
2022: Gen Feb Mar Apr Mag Giu Lug Ago Set Ott Nov Dic
2021: Gen Feb Mar Apr Mag Giu Lug Ago Set Ott Nov Dic
2020: Gen Feb Mar Apr Mag Giu Lug Ago Set Ott Nov Dic
2019: Gen Feb Mar Apr Mag Giu Lug Ago Set Ott Nov Dic
2018: Gen Feb Mar Apr Mag Giu Lug Ago Set Ott Nov Dic
2017: Gen Feb Mar Apr Mag Giu Lug Ago Set Ott Nov Dic
2016: Gen Feb Mar Apr Mag Giu Lug Ago Set Ott Nov Dic
2015: Gen Feb Mar Apr Mag Giu Lug Ago Set Ott Nov Dic
2014: Gen Feb Mar Apr Mag Giu Lug Ago Set Ott Nov Dic
2013: Gen Feb Mar Apr Mag Giu Lug Ago Set Ott Nov Dic
Report for 2020 Marzo
Monthly Climatological Summary for mar 2020 Name: Meteo Arquà Polesine City: Arquà Polesine (RO) State: Italia Elevation: 8 m Lat: N 45 00 16 Lon: E 011 44 27 Temperature (°C), Rain (mm), Wind Speed (km/h) Heat Cool Avg Mean Deg Deg Wind Dom Day Temp High Time Low Time Days Days Rain Speed High Time Dir ---------------------------------------------------------------------------------- 01 7,7 9,4 00:00 5,0 23:59 10,6 0,0 5,6 2,2 14,5 16:35 WNW 02 7,3 12,4 18:52 1,8 06:11 11,0 0,0 3,0 1,8 16,1 15:47 NNE 03 8,6 12,2 11:50 4,4 07:21 9,7 0,0 1,2 1,6 19,3 04:12 WNW 04 8,4 14,3 13:53 2,8 23:28 9,9 0,0 0,2 1,6 11,3 01:58 NW 05 7,0 13,0 14:28 0,7 03:13 11,3 0,0 6,6 0,5 14,5 23:03 ENE 06 7,8 12,3 14:48 4,6 03:53 10,5 0,0 6,6 4,1 24,1 03:58 WNW 07 9,5 15,3 14:40 5,8 07:01 8,8 0,0 0,2 0,8 17,7 22:06 NNW 08 9,7 15,9 13:08 4,8 23:21 8,6 0,0 0,0 0,5 11,3 15:27 NW 09 8,0 14,4 12:53 2,7 06:55 10,3 0,0 0,0 0,2 8,0 13:08 ENE 10 8,5 16,3 16:22 2,9 06:36 9,8 0,0 0,0 1,9 12,9 14:20 W 11 9,7 19,8 15:56 2,6 06:11 8,7 0,1 0,0 0,1 8,0 13:18 NW 12 11,1 18,9 15:48 4,4 04:10 7,3 0,0 0,0 0,8 11,3 13:55 WNW 13 13,1 16,9 13:45 10,1 23:56 5,2 0,0 0,0 1,1 14,5 12:06 WNW 14 10,9 14,1 15:09 7,7 23:59 7,4 0,0 0,0 1,6 17,7 16:09 N 15 8,9 15,2 15:06 1,7 23:58 9,4 0,0 0,0 1,2 16,1 11:52 NE 16 7,8 17,7 14:43 -0,7 04:43 10,5 0,0 0,0 0,3 9,7 12:37 NW ---------------------------------------------------------------------------------- 9,0 19,8 11 -0,7 16 149,0 0,1 23,4 1,3 24,1 6 NW Max >= 27,0 0 Max <= 0,0 0 Min <= 0,0 1 Min <= -18,0 0 Max Rain: 6,6 on day 5 Days of Rain: 7 (>= 0,2 mm) 4 (>= 2,0 mm) 0 (>= 20,0 mm) Heat Base: 18,3 Cool Base: 18,3 Method: Integration