NOAA-Style Climate Reports
Select a Year or Month report
2024: Gen Feb Mar Apr Mag Giu Lug Ago Set Ott Nov Dic
2023: Gen Feb Mar Apr Mag Giu Lug Ago Set Ott Nov Dic
2022: Gen Feb Mar Apr Mag Giu Lug Ago Set Ott Nov Dic
2021: Gen Feb Mar Apr Mag Giu Lug Ago Set Ott Nov Dic
2020: Gen Feb Mar Apr Mag Giu Lug Ago Set Ott Nov Dic
2019: Gen Feb Mar Apr Mag Giu Lug Ago Set Ott Nov Dic
2018: Gen Feb Mar Apr Mag Giu Lug Ago Set Ott Nov Dic
2017: Gen Feb Mar Apr Mag Giu Lug Ago Set Ott Nov Dic
2016: Gen Feb Mar Apr Mag Giu Lug Ago Set Ott Nov Dic
2015: Gen Feb Mar Apr Mag Giu Lug Ago Set Ott Nov Dic
2014: Gen Feb Mar Apr Mag Giu Lug Ago Set Ott Nov Dic
2013: Gen Feb Mar Apr Mag Giu Lug Ago Set Ott Nov Dic
2024: Gen Feb Mar Apr Mag Giu Lug Ago Set Ott Nov Dic
2023: Gen Feb Mar Apr Mag Giu Lug Ago Set Ott Nov Dic
2022: Gen Feb Mar Apr Mag Giu Lug Ago Set Ott Nov Dic
2021: Gen Feb Mar Apr Mag Giu Lug Ago Set Ott Nov Dic
2020: Gen Feb Mar Apr Mag Giu Lug Ago Set Ott Nov Dic
2019: Gen Feb Mar Apr Mag Giu Lug Ago Set Ott Nov Dic
2018: Gen Feb Mar Apr Mag Giu Lug Ago Set Ott Nov Dic
2017: Gen Feb Mar Apr Mag Giu Lug Ago Set Ott Nov Dic
2016: Gen Feb Mar Apr Mag Giu Lug Ago Set Ott Nov Dic
2015: Gen Feb Mar Apr Mag Giu Lug Ago Set Ott Nov Dic
2014: Gen Feb Mar Apr Mag Giu Lug Ago Set Ott Nov Dic
2013: Gen Feb Mar Apr Mag Giu Lug Ago Set Ott Nov Dic
Report for 2020 Maggio
Monthly Climatological Summary for mag 2020 Name: Meteo Arquà Polesine City: Arquà Polesine (RO) State: Italia Elevation: 8 m Lat: N 45° 00' 15" Lon: E 011° 44' 26" Temperature (°C), Rain (mm), Wind Speed (km/h) Heat Cool Avg Mean Deg Deg Wind Dom Day Temp High Time Low Time Days Days Rain Speed High Time Dir ---------------------------------------------------------------------------------- 01 17,5 23,9 15:11 11,2 05:48 2,0 1,2 0,0 0,5 16,1 01:29 WNW 02 18,5 25,8 15:49 11,2 06:09 2,0 2,3 0,0 1,7 16,1 15:46 WNW 03 17,6 23,9 15:53 12,2 23:09 2,1 1,4 0,0 1,2 12,9 10:30 ENE 04 17,1 25,1 15:54 9,1 04:50 3,2 2,0 0,0 0,7 11,3 17:01 ESE 05 17,9 25,6 15:12 9,4 06:11 2,5 2,2 0,0 1,6 22,5 15:36 WNW 06 17,3 22,9 15:46 10,8 23:58 1,7 0,7 0,0 0,7 11,3 09:20 ENE 07 17,1 26,1 16:14 7,5 05:42 3,6 2,5 0,0 0,1 8,0 12:50 SSW 08 18,5 28,8 15:20 9,2 03:19 2,8 3,0 0,0 0,3 12,9 17:30 E 09 20,0 29,4 16:07 12,1 05:24 1,8 3,5 0,0 0,6 11,3 12:56 WNW 10 20,6 27,8 15:50 15,9 01:14 0,6 2,9 0,0 0,8 12,9 23:45 ENE 11 18,9 24,1 12:59 14,2 08:35 1,0 1,6 5,6 1,0 17,7 12:38 SE 12 18,6 26,3 16:04 13,3 22:17 1,8 2,1 0,0 2,1 19,3 21:22 NW 13 16,6 22,5 15:48 11,7 05:31 2,5 0,8 0,0 2,1 17,7 13:54 ENE 14 19,3 25,4 13:07 11,8 05:52 1,7 2,7 0,0 0,7 11,3 12:17 ENE 15 19,8 25,3 11:17 14,7 06:12 0,7 2,2 0,4 2,0 19,3 14:27 WNW 16 17,3 21,3 14:23 12,3 04:53 1,7 0,8 0,8 1,3 17,7 11:55 NE 17 21,1 29,4 16:13 14,9 03:54 0,9 3,7 0,0 1,0 14,5 10:59 WNW 18 21,5 27,3 14:51 15,4 05:38 0,5 3,7 0,0 0,8 12,9 12:50 NE 19 21,2 26,6 13:09 16,9 22:19 0,2 3,1 1,4 2,5 19,3 19:08 NE 20 20,0 25,2 17:11 16,1 01:47 0,5 2,2 0,0 1,6 12,9 00:33 NW 21 21,3 29,1 16:20 11,5 05:03 1,1 4,1 0,0 0,4 8,0 09:21 ENE 22 21,1 28,6 13:32 14,0 05:40 1,0 3,8 0,0 0,3 8,0 09:42 E 23 23,0 31,6 14:57 16,6 03:59 0,3 5,0 0,0 0,8 12,9 00:00 NNW 24 21,0 26,8 14:42 15,7 23:10 0,5 2,9 0,0 1,0 12,9 00:00 E 25 21,3 29,2 14:20 11,3 05:42 1,5 4,5 0,0 0,5 12,9 13:27 WSW 26 20,4 26,4 15:50 14,6 05:42 0,8 2,9 0,0 0,7 12,9 02:13 ESE 27 19,5 27,1 15:45 10,6 05:19 2,1 3,3 0,0 0,2 12,9 14:54 WNW 28 19,9 28,1 16:10 11,0 05:47 2,0 3,6 0,4 0,1 11,3 22:44 E 29 17,8 23,2 14:00 12,3 23:50 1,7 1,2 6,0 0,6 17,7 00:14 ENE 30 17,8 24,9 15:41 10,2 05:51 2,4 1,9 0,0 0,2 9,7 13:47 W 31 19,1 25,2 14:01 14,4 23:59 1,2 2,0 0,2 0,2 9,7 02:05 NNW ---------------------------------------------------------------------------------- 19,3 31,6 23 7,5 7 48,4 79,8 14,8 0,9 22,5 5 NNE Max >= 27,0 11 Max <= 0,0 0 Min <= 0,0 0 Min <= -18,0 0 Max Rain: 6,0 on day 29 Days of Rain: 7 (>= 0,2 mm) 2 (>= 2,0 mm) 0 (>= 20,0 mm) Heat Base: 18,3 Cool Base: 18,3 Method: Integration