NOAA-Style Climate Reports
Select a Year or Month report
2024: Gen Feb Mar Apr Mag Giu Lug Ago Set Ott Nov Dic
2023: Gen Feb Mar Apr Mag Giu Lug Ago Set Ott Nov Dic
2022: Gen Feb Mar Apr Mag Giu Lug Ago Set Ott Nov Dic
2021: Gen Feb Mar Apr Mag Giu Lug Ago Set Ott Nov Dic
2020: Gen Feb Mar Apr Mag Giu Lug Ago Set Ott Nov Dic
2019: Gen Feb Mar Apr Mag Giu Lug Ago Set Ott Nov Dic
2018: Gen Feb Mar Apr Mag Giu Lug Ago Set Ott Nov Dic
2017: Gen Feb Mar Apr Mag Giu Lug Ago Set Ott Nov Dic
2016: Gen Feb Mar Apr Mag Giu Lug Ago Set Ott Nov Dic
2015: Gen Feb Mar Apr Mag Giu Lug Ago Set Ott Nov Dic
2014: Gen Feb Mar Apr Mag Giu Lug Ago Set Ott Nov Dic
2013: Gen Feb Mar Apr Mag Giu Lug Ago Set Ott Nov Dic
2024: Gen Feb Mar Apr Mag Giu Lug Ago Set Ott Nov Dic
2023: Gen Feb Mar Apr Mag Giu Lug Ago Set Ott Nov Dic
2022: Gen Feb Mar Apr Mag Giu Lug Ago Set Ott Nov Dic
2021: Gen Feb Mar Apr Mag Giu Lug Ago Set Ott Nov Dic
2020: Gen Feb Mar Apr Mag Giu Lug Ago Set Ott Nov Dic
2019: Gen Feb Mar Apr Mag Giu Lug Ago Set Ott Nov Dic
2018: Gen Feb Mar Apr Mag Giu Lug Ago Set Ott Nov Dic
2017: Gen Feb Mar Apr Mag Giu Lug Ago Set Ott Nov Dic
2016: Gen Feb Mar Apr Mag Giu Lug Ago Set Ott Nov Dic
2015: Gen Feb Mar Apr Mag Giu Lug Ago Set Ott Nov Dic
2014: Gen Feb Mar Apr Mag Giu Lug Ago Set Ott Nov Dic
2013: Gen Feb Mar Apr Mag Giu Lug Ago Set Ott Nov Dic
Report for 2020 Luglio
Monthly Climatological Summary for lug 2020 Name: Meteo Arquà Polesine City: Arquà Polesine (RO) State: Italia Elevation: 8 m Lat: N 45° 00' 15" Lon: E 011° 44' 26" Temperature (°C), Rain (mm), Wind Speed (km/h) Heat Cool Avg Mean Deg Deg Wind Dom Day Temp High Time Low Time Days Days Rain Speed High Time Dir ---------------------------------------------------------------------------------- 01 28,0 35,2 15:30 21,7 05:27 0,0 9,6 0,0 0,4 11,3 13:39 NE 02 26,1 33,6 16:24 20,3 07:42 0,0 7,8 2,6 0,3 22,5 16:33 WNW 03 24,6 30,1 12:58 19,2 05:36 0,0 6,3 3,6 1,5 22,5 01:35 NNE 04 25,2 31,4 16:04 19,5 23:59 0,0 6,8 0,0 0,8 9,7 08:16 NNE 05 26,3 35,1 16:48 16,8 05:25 0,2 8,2 0,0 0,0 9,7 15:52 E 06 27,4 36,3 16:17 17,6 05:23 0,0 9,2 0,0 0,2 8,0 13:10 ENE 07 23,6 28,6 16:24 16,6 23:58 0,0 5,4 0,6 1,6 19,3 03:48 E 08 23,0 32,2 15:52 13,2 05:40 1,1 5,7 0,0 0,1 11,3 14:55 E 09 24,9 34,3 14:52 14,7 05:50 0,7 7,3 0,0 0,0 0,0 00:00 N 10 26,9 36,6 15:31 17,4 05:26 0,1 8,7 0,0 0,0 0,0 00:00 N 11 25,9 33,4 13:57 19,8 23:54 0,0 7,6 15,6 0,5 32,2 18:09 NNE 12 23,2 28,9 16:49 16,9 05:45 0,2 5,0 0,2 0,9 11,3 08:12 ENE 13 22,5 28,8 15:30 16,2 23:55 0,3 4,5 0,0 0,9 16,1 12:59 ENE 14 21,8 28,8 16:55 14,8 01:51 0,8 4,3 0,0 0,1 11,3 12:08 NNE 15 23,3 32,6 15:12 14,0 03:29 0,9 5,9 0,0 0,0 0,0 00:00 N 16 24,2 32,5 14:24 15,7 05:48 0,3 6,2 0,0 0,0 0,0 00:00 N 17 22,6 28,1 15:16 19,4 08:45 0,0 4,3 17,4 0,0 0,0 00:00 N 18 23,4 29,8 15:07 17,9 06:08 0,0 5,2 0,0 0,0 0,0 00:00 N 19 23,4 31,3 15:16 14,3 06:22 0,8 5,9 0,0 0,0 0,0 00:00 N 20 25,8 34,4 16:58 16,7 05:41 0,1 7,6 0,0 0,0 0,0 00:00 N 21 27,5 35,8 15:40 20,4 05:50 0,0 9,2 0,0 0,0 0,0 00:00 N 22 27,3 35,1 15:35 19,7 06:10 0,0 9,0 0,0 0,1 8,0 19:22 W 23 26,3 33,1 15:45 19,4 06:15 0,0 8,0 19,2 0,3 22,5 01:10 W 24 21,3 24,7 17:02 18,3 11:38 0,0 3,0 13,0 1,6 22,5 10:33 WNW 25 24,1 32,3 15:31 15,9 05:37 0,3 6,1 0,0 0,3 11,3 10:25 SW 26 25,9 34,6 15:59 18,3 04:26 0,0 7,6 0,0 0,0 0,0 00:00 N 27 26,8 34,2 15:53 20,0 06:05 0,0 8,5 0,0 0,2 6,4 09:25 ENE 28 27,1 35,5 16:29 18,3 05:38 0,0 8,8 0,0 0,2 8,0 18:24 E 29 28,4 35,2 14:42 21,1 06:07 0,0 10,1 0,0 0,1 9,7 09:08 ENE 30 29,8 36,8 17:26 22,1 06:17 0,0 11,5 0,0 0,1 8,0 15:45 W 31 29,7 37,3 14:52 23,0 23:16 0,0 11,3 0,0 0,6 16,1 18:43 SW ---------------------------------------------------------------------------------- 25,4 37,3 31 13,2 8 5,8 224,6 72,2 0,4 32,2 11 NNE Max >= 27,0 30 Max <= 0,0 0 Min <= 0,0 0 Min <= -18,0 0 Max Rain: 19,2 on day 23 Days of Rain: 8 (>= 0,2 mm) 6 (>= 2,0 mm) 0 (>= 20,0 mm) Heat Base: 18,3 Cool Base: 18,3 Method: Integration