NOAA-Style Climate Reports
Select a Year or Month report
2024: Gen Feb Mar Apr Mag Giu Lug Ago Set Ott Nov Dic
2023: Gen Feb Mar Apr Mag Giu Lug Ago Set Ott Nov Dic
2022: Gen Feb Mar Apr Mag Giu Lug Ago Set Ott Nov Dic
2021: Gen Feb Mar Apr Mag Giu Lug Ago Set Ott Nov Dic
2020: Gen Feb Mar Apr Mag Giu Lug Ago Set Ott Nov Dic
2019: Gen Feb Mar Apr Mag Giu Lug Ago Set Ott Nov Dic
2018: Gen Feb Mar Apr Mag Giu Lug Ago Set Ott Nov Dic
2017: Gen Feb Mar Apr Mag Giu Lug Ago Set Ott Nov Dic
2016: Gen Feb Mar Apr Mag Giu Lug Ago Set Ott Nov Dic
2015: Gen Feb Mar Apr Mag Giu Lug Ago Set Ott Nov Dic
2014: Gen Feb Mar Apr Mag Giu Lug Ago Set Ott Nov Dic
2013: Gen Feb Mar Apr Mag Giu Lug Ago Set Ott Nov Dic
2024: Gen Feb Mar Apr Mag Giu Lug Ago Set Ott Nov Dic
2023: Gen Feb Mar Apr Mag Giu Lug Ago Set Ott Nov Dic
2022: Gen Feb Mar Apr Mag Giu Lug Ago Set Ott Nov Dic
2021: Gen Feb Mar Apr Mag Giu Lug Ago Set Ott Nov Dic
2020: Gen Feb Mar Apr Mag Giu Lug Ago Set Ott Nov Dic
2019: Gen Feb Mar Apr Mag Giu Lug Ago Set Ott Nov Dic
2018: Gen Feb Mar Apr Mag Giu Lug Ago Set Ott Nov Dic
2017: Gen Feb Mar Apr Mag Giu Lug Ago Set Ott Nov Dic
2016: Gen Feb Mar Apr Mag Giu Lug Ago Set Ott Nov Dic
2015: Gen Feb Mar Apr Mag Giu Lug Ago Set Ott Nov Dic
2014: Gen Feb Mar Apr Mag Giu Lug Ago Set Ott Nov Dic
2013: Gen Feb Mar Apr Mag Giu Lug Ago Set Ott Nov Dic
Report for 2020 Agosto
Monthly Climatological Summary for ago 2020 Name: Meteo Arquà Polesine City: Arquà Polesine (RO) State: Italia Elevation: 8 m Lat: N 45° 00' 15" Lon: E 011° 44' 26" Temperature (°C), Rain (mm), Wind Speed (km/h) Heat Cool Avg Mean Deg Deg Wind Dom Day Temp High Time Low Time Days Days Rain Speed High Time Dir ---------------------------------------------------------------------------------- 01 29,7 38,4 16:23 21,3 06:19 0,0 11,4 0,0 0,0 8,0 15:37 WSW 02 26,9 33,4 16:18 21,0 05:43 0,0 8,6 3,2 0,6 25,7 03:52 NNE 03 22,1 26,8 11:45 19,2 21:49 0,0 3,8 46,6 0,3 33,8 02:13 NNW 04 20,1 27,4 11:44 16,8 06:19 0,3 2,1 30,2 0,3 11,3 00:21 WNW 05 22,3 27,9 15:31 17,5 01:51 0,1 4,1 0,6 0,5 11,3 12:06 NE 06 24,0 30,2 15:42 17,1 03:33 0,1 5,8 0,0 0,8 12,9 13:45 NE 07 26,1 33,1 14:48 19,6 06:18 0,0 7,8 0,0 0,6 11,3 13:08 NNW 08 26,5 35,0 16:24 17,7 06:22 0,0 8,3 0,0 0,4 11,3 15:55 N 09 27,4 36,5 16:32 18,6 06:36 0,0 9,1 0,0 0,1 8,0 10:55 W 10 27,8 36,4 15:32 19,5 06:43 0,0 9,5 0,0 0,0 4,8 11:24 E 11 28,1 36,7 16:19 20,7 05:48 0,0 9,8 0,0 0,0 6,4 23:39 NE 12 27,6 35,4 17:08 19,9 06:29 0,0 9,3 0,0 0,1 6,4 00:04 NNW 13 28,0 35,2 16:27 20,9 06:13 0,0 9,7 0,0 0,0 6,4 11:01 WSW 14 26,0 34,6 15:09 20,7 04:51 0,0 7,7 0,0 0,5 35,4 15:49 N 15 26,2 34,2 15:17 18,6 06:28 0,0 7,9 0,0 0,0 6,4 12:01 W 16 26,8 35,0 14:48 19,3 05:26 0,0 8,5 0,0 0,0 8,0 13:50 N 17 26,1 34,1 13:09 20,6 04:21 0,0 7,8 0,0 0,3 19,3 16:27 NW 18 24,0 31,1 16:22 18,1 05:01 0,0 5,7 0,0 0,5 12,9 10:52 W 19 25,8 34,0 15:28 18,0 06:48 0,0 7,5 0,0 0,0 8,0 16:24 W 20 26,8 34,3 14:57 20,9 06:17 0,0 8,5 0,0 0,1 8,0 17:55 E 21 27,7 36,7 14:58 20,4 06:48 0,0 9,4 0,0 0,0 6,4 16:21 ESE 22 28,4 36,9 15:16 21,4 06:54 0,0 10,1 0,0 0,0 4,8 10:29 E 23 26,3 33,3 15:21 20,8 20:15 0,0 8,0 4,6 1,3 27,4 19:11 NE 24 24,0 30,4 15:24 18,5 05:53 0,0 5,7 0,2 0,8 12,9 09:49 NE 25 23,9 31,3 14:51 15,9 06:52 0,2 5,8 0,0 0,4 11,3 13:32 NW 26 24,9 31,9 14:15 17,8 04:00 0,0 6,7 0,0 1,1 16,1 14:22 WNW 27 25,9 31,9 15:26 21,4 05:47 0,0 7,6 0,0 0,6 11,3 12:16 ENE 28 25,6 31,2 16:54 20,1 06:42 0,0 7,3 0,0 0,6 12,9 15:44 E 29 25,4 32,6 12:26 20,1 05:01 0,0 7,1 6,2 1,7 22,5 19:10 ENE 30 23,2 31,1 15:50 17,9 23:55 0,0 4,9 5,8 0,9 20,9 17:17 W 31 18,1 23,2 14:43 14,8 23:56 1,3 1,1 14,6 0,6 14,5 16:55 WNW ---------------------------------------------------------------------------------- 25,5 38,4 1 14,8 31 2,0 226,6 112,0 0,4 35,4 14 NNE Max >= 27,0 29 Max <= 0,0 0 Min <= 0,0 0 Min <= -18,0 0 Max Rain: 46,6 on day 3 Days of Rain: 9 (>= 0,2 mm) 7 (>= 2,0 mm) 2 (>= 20,0 mm) Heat Base: 18,3 Cool Base: 18,3 Method: Integration