NOAA-Style Climate Reports
Select a Year or Month report
2024: Gen Feb Mar Apr Mag Giu Lug Ago Set Ott Nov Dic
2023: Gen Feb Mar Apr Mag Giu Lug Ago Set Ott Nov Dic
2022: Gen Feb Mar Apr Mag Giu Lug Ago Set Ott Nov Dic
2021: Gen Feb Mar Apr Mag Giu Lug Ago Set Ott Nov Dic
2020: Gen Feb Mar Apr Mag Giu Lug Ago Set Ott Nov Dic
2019: Gen Feb Mar Apr Mag Giu Lug Ago Set Ott Nov Dic
2018: Gen Feb Mar Apr Mag Giu Lug Ago Set Ott Nov Dic
2017: Gen Feb Mar Apr Mag Giu Lug Ago Set Ott Nov Dic
2016: Gen Feb Mar Apr Mag Giu Lug Ago Set Ott Nov Dic
2015: Gen Feb Mar Apr Mag Giu Lug Ago Set Ott Nov Dic
2014: Gen Feb Mar Apr Mag Giu Lug Ago Set Ott Nov Dic
2013: Gen Feb Mar Apr Mag Giu Lug Ago Set Ott Nov Dic
2024: Gen Feb Mar Apr Mag Giu Lug Ago Set Ott Nov Dic
2023: Gen Feb Mar Apr Mag Giu Lug Ago Set Ott Nov Dic
2022: Gen Feb Mar Apr Mag Giu Lug Ago Set Ott Nov Dic
2021: Gen Feb Mar Apr Mag Giu Lug Ago Set Ott Nov Dic
2020: Gen Feb Mar Apr Mag Giu Lug Ago Set Ott Nov Dic
2019: Gen Feb Mar Apr Mag Giu Lug Ago Set Ott Nov Dic
2018: Gen Feb Mar Apr Mag Giu Lug Ago Set Ott Nov Dic
2017: Gen Feb Mar Apr Mag Giu Lug Ago Set Ott Nov Dic
2016: Gen Feb Mar Apr Mag Giu Lug Ago Set Ott Nov Dic
2015: Gen Feb Mar Apr Mag Giu Lug Ago Set Ott Nov Dic
2014: Gen Feb Mar Apr Mag Giu Lug Ago Set Ott Nov Dic
2013: Gen Feb Mar Apr Mag Giu Lug Ago Set Ott Nov Dic
Report for 2021 Maggio
Monthly Climatological Summary for mag 2021 Name: Meteo Arquà Polesine City: Arquà Polesine (RO) State: Italia Elevation: 8 m Lat: N 45° 00' 15" Lon: E 011° 44' 26" Temperature (°C), Rain (mm), Wind Speed (km/h) Heat Cool Avg Mean Deg Deg Wind Dom Day Temp High Time Low Time Days Days Rain Speed High Time Dir ---------------------------------------------------------------------------------- 01 16,9 22,9 14:18 12,3 06:31 2,3 0,9 4,0 0,6 11,3 16:01 ESE 02 17,4 23,3 16:15 12,6 05:50 2,1 1,2 0,2 3,8 24,1 14:09 WNW 03 15,3 21,7 16:37 10,3 06:35 3,5 0,5 0,6 1,1 16,1 10:54 ENE 04 16,2 24,6 16:12 8,9 05:59 3,5 1,5 0,0 1,0 14,5 22:25 WSW 05 16,8 24,2 14:51 8,4 06:09 3,1 1,7 0,0 2,9 25,7 17:23 W 06 15,2 21,7 15:06 9,8 05:01 3,6 0,5 0,0 1,6 12,9 09:38 NNE 07 18,4 26,7 16:12 11,8 06:22 2,3 2,4 0,0 3,5 24,1 14:13 WNW 08 16,7 23,8 14:59 10,0 06:10 2,8 1,2 0,0 1,3 12,9 08:06 E 09 18,1 25,2 14:21 9,6 03:51 2,6 2,4 0,0 0,8 12,9 14:06 ESE 10 19,6 27,6 15:19 10,2 04:33 1,8 3,1 0,0 1,3 12,9 17:56 ESE 11 16,2 19,2 16:03 13,8 23:53 2,1 0,1 6,0 1,1 17,7 13:15 N 12 16,4 21,7 18:46 13,1 05:21 2,5 0,6 0,4 3,0 20,9 12:34 WNW 13 15,3 23,4 16:18 12,1 04:00 3,6 0,6 19,0 1,9 16,1 11:32 WNW 14 15,1 22,8 14:14 9,1 05:50 3,8 0,6 6,4 0,4 12,9 15:57 WNW 15 16,0 22,0 15:08 10,3 06:33 3,0 0,7 0,8 1,9 14,5 13:36 WNW 16 17,1 21,6 12:28 12,5 06:06 1,8 0,6 0,0 0,4 8,0 10:24 N 17 16,6 24,7 15:16 12,6 22:55 2,4 0,8 4,8 1,6 45,1 15:49 NNW 18 17,3 26,6 15:47 8,2 05:40 3,2 2,2 0,6 0,8 12,9 20:53 SE 19 15,7 23,4 15:00 10,6 23:57 3,3 0,7 2,4 1,9 22,5 19:17 NE 20 16,4 24,9 16:51 7,5 05:56 3,8 2,0 0,0 1,7 14,5 09:40 NW 21 17,7 25,9 14:50 9,9 04:31 2,6 2,0 0,0 0,6 12,9 19:48 NE 22 18,7 23,9 11:56 13,9 05:12 1,2 1,7 0,0 1,0 14,5 17:54 NNW 23 20,2 26,3 16:44 13,4 06:10 1,2 3,1 0,0 2,5 19,3 13:50 NNW 24 14,8 17,2 00:00 13,1 12:37 3,6 0,0 31,6 2,4 17,7 12:28 NE 25 17,9 23,8 16:35 12,2 05:30 2,1 1,7 0,6 2,4 19,3 13:32 NW 26 17,9 25,2 16:39 11,0 05:38 2,4 2,0 0,0 1,4 12,9 10:06 ENE 27 19,7 28,1 14:34 11,6 05:45 2,0 3,4 0,0 0,5 11,3 20:17 NW 28 19,6 26,1 13:22 13,4 02:08 1,5 2,8 0,0 0,9 11,3 14:16 E 29 20,2 27,3 13:19 12,1 04:25 1,5 3,4 0,0 0,8 11,3 13:48 E 30 20,1 25,7 16:02 13,6 05:51 0,9 2,6 0,0 0,8 11,3 01:13 ESE 31 19,4 26,8 15:59 13,3 05:54 1,5 2,6 0,0 0,3 11,3 11:25 ESE ---------------------------------------------------------------------------------- 17,4 28,1 27 7,5 20 77,6 49,6 77,4 1,5 45,1 17 NNW Max >= 27,0 3 Max <= 0,0 0 Min <= 0,0 0 Min <= -18,0 0 Max Rain: 31,6 on day 24 Days of Rain: 13 (>= 0,2 mm) 7 (>= 2,0 mm) 1 (>= 20,0 mm) Heat Base: 18,3 Cool Base: 18,3 Method: Integration