NOAA-Style Climate Reports
Select a Year or Month report
2024: Gen Feb Mar Apr Mag Giu Lug Ago Set Ott Nov Dic
2023: Gen Feb Mar Apr Mag Giu Lug Ago Set Ott Nov Dic
2022: Gen Feb Mar Apr Mag Giu Lug Ago Set Ott Nov Dic
2021: Gen Feb Mar Apr Mag Giu Lug Ago Set Ott Nov Dic
2020: Gen Feb Mar Apr Mag Giu Lug Ago Set Ott Nov Dic
2019: Gen Feb Mar Apr Mag Giu Lug Ago Set Ott Nov Dic
2018: Gen Feb Mar Apr Mag Giu Lug Ago Set Ott Nov Dic
2017: Gen Feb Mar Apr Mag Giu Lug Ago Set Ott Nov Dic
2016: Gen Feb Mar Apr Mag Giu Lug Ago Set Ott Nov Dic
2015: Gen Feb Mar Apr Mag Giu Lug Ago Set Ott Nov Dic
2014: Gen Feb Mar Apr Mag Giu Lug Ago Set Ott Nov Dic
2013: Gen Feb Mar Apr Mag Giu Lug Ago Set Ott Nov Dic
2024: Gen Feb Mar Apr Mag Giu Lug Ago Set Ott Nov Dic
2023: Gen Feb Mar Apr Mag Giu Lug Ago Set Ott Nov Dic
2022: Gen Feb Mar Apr Mag Giu Lug Ago Set Ott Nov Dic
2021: Gen Feb Mar Apr Mag Giu Lug Ago Set Ott Nov Dic
2020: Gen Feb Mar Apr Mag Giu Lug Ago Set Ott Nov Dic
2019: Gen Feb Mar Apr Mag Giu Lug Ago Set Ott Nov Dic
2018: Gen Feb Mar Apr Mag Giu Lug Ago Set Ott Nov Dic
2017: Gen Feb Mar Apr Mag Giu Lug Ago Set Ott Nov Dic
2016: Gen Feb Mar Apr Mag Giu Lug Ago Set Ott Nov Dic
2015: Gen Feb Mar Apr Mag Giu Lug Ago Set Ott Nov Dic
2014: Gen Feb Mar Apr Mag Giu Lug Ago Set Ott Nov Dic
2013: Gen Feb Mar Apr Mag Giu Lug Ago Set Ott Nov Dic
Report for 2021 Luglio
Monthly Climatological Summary for lug 2021 Name: Meteo Arquà Polesine City: Arquà Polesine (RO) State: Italia Elevation: 8 m Lat: N 45° 00' 15" Lon: E 011° 44' 26" Temperature (°C), Rain (mm), Wind Speed (km/h) Heat Cool Avg Mean Deg Deg Wind Dom Day Temp High Time Low Time Days Days Rain Speed High Time Dir ---------------------------------------------------------------------------------- 01 25,0 33,0 19:08 15,7 05:27 0,4 7,0 0,0 1,5 16,1 12:21 NNW 02 25,9 33,2 16:38 19,6 05:24 0,0 7,6 0,0 1,1 12,9 00:29 SE 03 26,4 34,3 15:57 20,3 04:11 0,0 8,0 2,8 0,7 29,0 23:58 SSE 04 22,7 28,8 11:26 18,6 23:46 0,0 4,4 37,4 1,0 25,7 00:00 WNW 05 23,9 32,5 16:05 17,2 05:56 0,1 5,7 0,2 1,0 12,9 04:55 W 06 26,5 33,5 15:39 18,8 04:51 0,0 8,2 0,0 0,7 8,0 09:13 E 07 28,5 36,2 14:28 21,3 05:30 0,0 10,2 0,0 0,5 12,9 16:38 E 08 27,4 34,5 14:15 19,5 23:59 0,0 9,1 0,2 1,7 38,6 21:08 N 09 24,0 32,1 16:45 16,1 05:48 0,3 6,0 0,0 2,1 20,9 11:12 WNW 10 25,7 33,1 16:40 17,6 04:33 0,1 7,5 0,0 0,8 9,7 09:47 NNE 11 26,5 33,9 16:30 18,6 03:45 0,0 8,2 0,0 1,1 14,5 10:11 WNW 12 27,2 34,3 15:03 19,7 04:36 0,0 8,8 0,0 0,7 9,7 12:40 E 13 25,8 32,0 12:22 21,6 23:59 0,0 7,5 0,0 1,0 12,9 22:56 ESE 14 21,9 28,6 16:21 15,5 05:08 0,4 4,0 0,0 1,5 16,1 12:01 W 15 22,7 30,3 14:37 15,2 04:45 0,6 5,0 0,0 0,9 11,3 13:25 WNW 16 21,8 27,4 15:18 19,3 21:38 0,0 3,5 3,0 0,4 12,9 15:57 WNW 17 22,7 29,8 16:34 18,4 06:14 0,0 4,4 0,0 1,9 19,3 11:48 WNW 18 24,8 34,4 15:22 19,2 03:01 0,0 6,5 5,2 0,6 17,7 18:04 NW 19 26,8 34,9 15:37 20,7 00:48 0,0 8,5 0,0 1,0 14,5 10:59 NW 20 27,1 35,0 15:12 19,6 02:53 0,0 8,8 0,0 0,8 9,7 13:50 E 21 27,1 33,7 14:40 21,4 04:56 0,0 8,8 0,0 0,9 9,7 12:13 ESE 22 27,1 33,3 14:56 21,8 02:52 0,0 8,8 0,0 0,9 11,3 16:39 E 23 26,5 34,7 15:50 18,9 06:14 0,0 8,1 0,4 0,7 9,7 16:30 ENE 24 27,9 34,9 15:24 22,0 04:13 0,0 9,6 0,0 0,6 9,7 16:45 E 25 27,8 35,2 14:53 23,3 06:09 0,0 9,5 0,0 0,7 12,9 07:57 NE 26 25,6 34,4 14:45 21,4 22:00 0,0 7,3 11,6 0,6 20,9 17:25 NNW 27 23,7 31,4 16:11 19,7 23:59 0,0 5,4 2,6 1,1 38,6 17:42 ENE 28 25,9 34,1 14:43 18,6 02:10 0,0 7,6 0,0 0,3 8,0 10:53 N 29 26,7 34,1 16:27 19,7 04:32 0,0 8,4 0,0 0,6 16,1 13:15 WNW 30 27,4 35,4 14:05 20,1 06:23 0,0 9,1 0,0 1,0 16,1 14:47 WNW 31 27,9 35,4 14:55 20,6 06:00 0,0 9,6 0,0 0,5 17,7 20:49 NE ---------------------------------------------------------------------------------- 25,7 36,2 7 15,2 15 1,9 231,1 63,4 0,9 38,6 8 NNW Max >= 27,0 31 Max <= 0,0 0 Min <= 0,0 0 Min <= -18,0 0 Max Rain: 37,4 on day 4 Days of Rain: 9 (>= 0,2 mm) 6 (>= 2,0 mm) 1 (>= 20,0 mm) Heat Base: 18,3 Cool Base: 18,3 Method: Integration