NOAA-Style Climate Reports
Select a Year or Month report
2024: Gen Feb Mar Apr Mag Giu Lug Ago Set Ott Nov Dic
2023: Gen Feb Mar Apr Mag Giu Lug Ago Set Ott Nov Dic
2022: Gen Feb Mar Apr Mag Giu Lug Ago Set Ott Nov Dic
2021: Gen Feb Mar Apr Mag Giu Lug Ago Set Ott Nov Dic
2020: Gen Feb Mar Apr Mag Giu Lug Ago Set Ott Nov Dic
2019: Gen Feb Mar Apr Mag Giu Lug Ago Set Ott Nov Dic
2018: Gen Feb Mar Apr Mag Giu Lug Ago Set Ott Nov Dic
2017: Gen Feb Mar Apr Mag Giu Lug Ago Set Ott Nov Dic
2016: Gen Feb Mar Apr Mag Giu Lug Ago Set Ott Nov Dic
2015: Gen Feb Mar Apr Mag Giu Lug Ago Set Ott Nov Dic
2014: Gen Feb Mar Apr Mag Giu Lug Ago Set Ott Nov Dic
2013: Gen Feb Mar Apr Mag Giu Lug Ago Set Ott Nov Dic
2024: Gen Feb Mar Apr Mag Giu Lug Ago Set Ott Nov Dic
2023: Gen Feb Mar Apr Mag Giu Lug Ago Set Ott Nov Dic
2022: Gen Feb Mar Apr Mag Giu Lug Ago Set Ott Nov Dic
2021: Gen Feb Mar Apr Mag Giu Lug Ago Set Ott Nov Dic
2020: Gen Feb Mar Apr Mag Giu Lug Ago Set Ott Nov Dic
2019: Gen Feb Mar Apr Mag Giu Lug Ago Set Ott Nov Dic
2018: Gen Feb Mar Apr Mag Giu Lug Ago Set Ott Nov Dic
2017: Gen Feb Mar Apr Mag Giu Lug Ago Set Ott Nov Dic
2016: Gen Feb Mar Apr Mag Giu Lug Ago Set Ott Nov Dic
2015: Gen Feb Mar Apr Mag Giu Lug Ago Set Ott Nov Dic
2014: Gen Feb Mar Apr Mag Giu Lug Ago Set Ott Nov Dic
2013: Gen Feb Mar Apr Mag Giu Lug Ago Set Ott Nov Dic
Report for 2021 Agosto
Monthly Climatological Summary for ago 2021 Name: Meteo Arquà Polesine City: Arquà Polesine (RO) State: Italia Elevation: 8 m Lat: N 45° 00' 15" Lon: E 011° 44' 26" Temperature (°C), Rain (mm), Wind Speed (km/h) Heat Cool Avg Mean Deg Deg Wind Dom Day Temp High Time Low Time Days Days Rain Speed High Time Dir ---------------------------------------------------------------------------------- 01 25,6 32,2 16:39 17,4 23:56 0,0 7,4 0,0 1,9 30,6 19:58 W 02 22,8 31,3 15:26 15,8 03:55 0,6 5,1 0,0 0,7 12,9 11:54 WNW 03 24,3 32,1 13:40 16,2 05:37 0,3 6,2 0,0 0,8 12,9 15:34 NW 04 24,2 30,0 15:57 18,7 01:53 0,0 6,0 0,0 0,4 8,0 13:51 NE 05 24,3 31,1 16:19 19,0 03:35 0,0 6,1 0,0 4,5 25,7 10:50 W 06 25,0 32,9 16:48 16,2 06:29 0,2 6,9 0,0 0,5 9,7 15:49 NW 07 25,9 35,1 15:10 17,8 04:56 0,0 7,6 0,0 1,0 14,5 18:17 NE 08 26,8 35,9 15:29 19,4 07:01 0,0 8,5 0,0 0,4 9,7 17:38 WNW 09 25,2 34,6 15:15 14,5 05:53 0,6 7,5 0,0 0,6 9,7 11:28 NNE 10 25,8 33,8 16:36 17,2 06:22 0,1 7,5 0,0 0,4 12,9 10:55 NNE 11 27,2 35,8 15:43 18,1 06:14 0,0 8,9 0,0 0,7 11,3 12:26 WNW 12 28,4 36,9 15:02 20,7 01:46 0,0 10,1 0,0 0,5 8,0 09:15 ENE 13 28,0 37,6 16:18 20,3 06:19 0,0 9,7 0,0 0,1 9,7 14:28 NE 14 29,3 38,2 15:04 20,8 05:42 0,0 11,0 0,0 0,2 6,4 13:42 ENE 15 29,4 39,3 15:12 20,2 06:34 0,0 11,1 0,0 0,2 8,0 17:39 ENE 16 29,0 37,1 15:40 22,3 06:59 0,0 10,7 0,0 0,9 12,9 21:56 NW 17 24,8 31,5 15:29 16,6 06:55 0,1 6,6 0,0 0,9 16,1 16:40 ENE 18 23,4 30,2 16:25 16,8 23:59 0,1 5,2 0,0 1,6 16,1 10:04 NE 19 23,7 32,3 16:08 15,0 01:58 0,5 5,9 0,0 0,7 12,9 13:26 NE 20 24,8 33,3 16:25 16,2 05:34 0,2 6,6 0,0 0,3 8,0 11:56 NE 21 25,9 35,5 15:13 16,7 04:55 0,2 7,8 0,0 0,3 11,3 15:45 ENE 22 27,0 36,7 14:51 19,4 05:30 0,0 8,7 0,0 0,4 9,7 16:43 E 23 22,3 26,0 13:16 19,4 23:37 0,0 4,0 1,0 1,5 19,3 12:59 ENE 24 22,3 30,6 15:07 13,2 06:38 0,8 4,8 0,0 0,9 12,9 14:30 NNE 25 23,4 29,3 15:41 16,7 23:43 0,1 5,2 0,0 1,1 14,5 10:22 ENE 26 22,7 31,9 16:40 13,4 06:18 1,2 5,6 0,0 0,5 9,7 14:04 N 27 20,4 25,3 15:23 14,4 23:56 0,4 2,4 0,6 0,9 16,1 07:23 ENE 28 19,2 27,0 15:44 13,1 01:40 1,4 2,2 0,0 1,1 14,5 11:33 NNE 29 20,5 29,1 15:01 11,5 06:45 1,4 3,6 0,0 0,6 9,7 13:14 WNW 30 20,2 31,1 14:46 14,5 06:39 1,1 3,0 10,2 0,3 9,7 13:27 ENE 31 19,7 27,1 14:41 15,1 06:25 1,0 2,4 0,2 0,3 9,7 15:20 NE ---------------------------------------------------------------------------------- 24,6 39,3 15 11,5 29 10,3 204,3 12,0 0,8 30,6 1 N Max >= 27,0 29 Max <= 0,0 0 Min <= 0,0 0 Min <= -18,0 0 Max Rain: 10,2 on day 30 Days of Rain: 4 (>= 0,2 mm) 1 (>= 2,0 mm) 0 (>= 20,0 mm) Heat Base: 18,3 Cool Base: 18,3 Method: Integration