NOAA-Style Climate Reports
Select a Year or Month report
2024: Gen Feb Mar Apr Mag Giu Lug Ago Set Ott Nov Dic
2023: Gen Feb Mar Apr Mag Giu Lug Ago Set Ott Nov Dic
2022: Gen Feb Mar Apr Mag Giu Lug Ago Set Ott Nov Dic
2021: Gen Feb Mar Apr Mag Giu Lug Ago Set Ott Nov Dic
2020: Gen Feb Mar Apr Mag Giu Lug Ago Set Ott Nov Dic
2019: Gen Feb Mar Apr Mag Giu Lug Ago Set Ott Nov Dic
2018: Gen Feb Mar Apr Mag Giu Lug Ago Set Ott Nov Dic
2017: Gen Feb Mar Apr Mag Giu Lug Ago Set Ott Nov Dic
2016: Gen Feb Mar Apr Mag Giu Lug Ago Set Ott Nov Dic
2015: Gen Feb Mar Apr Mag Giu Lug Ago Set Ott Nov Dic
2014: Gen Feb Mar Apr Mag Giu Lug Ago Set Ott Nov Dic
2013: Gen Feb Mar Apr Mag Giu Lug Ago Set Ott Nov Dic
2024: Gen Feb Mar Apr Mag Giu Lug Ago Set Ott Nov Dic
2023: Gen Feb Mar Apr Mag Giu Lug Ago Set Ott Nov Dic
2022: Gen Feb Mar Apr Mag Giu Lug Ago Set Ott Nov Dic
2021: Gen Feb Mar Apr Mag Giu Lug Ago Set Ott Nov Dic
2020: Gen Feb Mar Apr Mag Giu Lug Ago Set Ott Nov Dic
2019: Gen Feb Mar Apr Mag Giu Lug Ago Set Ott Nov Dic
2018: Gen Feb Mar Apr Mag Giu Lug Ago Set Ott Nov Dic
2017: Gen Feb Mar Apr Mag Giu Lug Ago Set Ott Nov Dic
2016: Gen Feb Mar Apr Mag Giu Lug Ago Set Ott Nov Dic
2015: Gen Feb Mar Apr Mag Giu Lug Ago Set Ott Nov Dic
2014: Gen Feb Mar Apr Mag Giu Lug Ago Set Ott Nov Dic
2013: Gen Feb Mar Apr Mag Giu Lug Ago Set Ott Nov Dic
Report for 2021 Ottobre
Monthly Climatological Summary for ott 2021 Name: Meteo Arquà Polesine City: Arquà Polesine (RO) State: Italia Elevation: 8 m Lat: N 45° 00' 15" Lon: E 011° 44' 26" Temperature (°C), Rain (mm), Wind Speed (km/h) Heat Cool Avg Mean Deg Deg Wind Dom Day Temp High Time Low Time Days Days Rain Speed High Time Dir ---------------------------------------------------------------------------------- 01 17,5 25,4 15:50 12,2 23:46 2,3 1,6 0,0 0,4 9,7 09:19 NE 02 17,2 25,7 14:36 10,9 04:07 2,6 1,6 0,0 0,2 8,0 17:51 E 03 20,3 28,8 14:30 15,3 05:13 0,9 2,9 0,0 0,4 14,5 16:07 ENE 04 20,6 26,3 13:00 17,9 05:35 0,0 2,3 1,4 0,4 9,7 11:46 E 05 19,4 24,6 15:14 16,1 23:59 0,5 1,6 4,6 0,6 17,7 16:00 SSW 06 16,7 22,9 13:24 13,8 21:07 2,3 0,6 2,0 2,7 25,7 20:55 NNW 07 15,0 17,3 15:03 13,2 07:08 3,3 0,0 0,4 2,2 24,1 20:11 NW 08 16,5 20,1 11:52 13,2 07:35 2,1 0,2 0,0 3,5 24,1 14:19 E 09 14,2 19,5 15:09 9,8 06:31 4,2 0,1 0,0 2,1 22,5 12:14 ESE 10 11,9 18,2 15:40 4,8 07:26 6,4 0,0 0,0 1,1 17,7 11:43 NNW 11 13,5 20,8 16:02 8,6 23:52 4,9 0,1 0,0 1,0 11,3 11:56 WNW 12 12,4 20,1 15:16 7,2 05:26 6,0 0,1 0,0 0,0 6,4 16:40 E 13 11,5 20,1 14:57 4,3 07:31 6,9 0,2 0,0 0,4 9,7 12:38 ENE 14 11,6 19,1 14:46 5,8 23:58 6,8 0,0 0,0 0,8 12,9 13:17 WNW 15 10,1 19,4 15:09 2,8 06:42 8,2 0,1 0,0 1,0 12,9 14:07 WNW 16 11,3 21,3 15:17 4,1 07:55 7,5 0,4 0,0 ---- 12,9 12:22 NNW 17 12,8 22,2 16:01 6,2 08:24 5,8 0,4 0,0 ---- 12,9 16:11 WNW 18 11,3 21,9 15:07 4,2 07:43 7,4 0,4 0,0 ---- 11,3 14:31 W 19 11,5 20,8 14:33 4,3 07:24 7,0 0,2 0,0 ---- 6,4 14:11 W 20 13,1 22,4 15:34 6,1 07:42 5,8 0,6 0,0 ---- 11,3 14:25 W 21 14,2 18,9 13:43 8,9 02:32 4,1 0,0 0,0 ---- 11,3 13:42 NNW 22 12,7 17,4 15:47 8,6 23:46 5,5 0,0 0,0 ---- 9,7 13:44 W 23 12,8 20,7 15:34 7,7 01:19 5,6 0,1 0,2 ---- 9,7 13:41 NW 24 11,8 18,2 14:56 6,6 23:42 6,5 0,0 0,0 ---- 14,5 13:13 NE 25 10,9 16,2 15:05 6,1 04:05 7,4 0,0 0,0 ---- 9,7 11:02 NW 26 10,5 17,4 15:16 3,8 07:21 7,8 0,0 0,2 ---- 9,7 13:13 W 27 10,8 20,6 15:11 3,3 08:05 7,6 0,1 0,0 ---- 9,7 14:39 N 28 9,3 19,1 15:00 2,7 08:18 9,0 0,0 0,0 ---- 12,9 13:32 NW 29 9,0 18,6 15:20 1,9 07:52 9,3 0,0 0,0 ---- 4,8 11:38 NE 30 9,1 17,1 14:37 1,8 08:28 9,2 0,0 0,2 ---- 8,0 14:03 WNW 31 11,7 16,7 13:18 6,6 05:39 6,9 0,0 0,0 ---- 8,0 21:35 WNW ---------------------------------------------------------------------------------- 13,3 28,8 3 1,8 30 169,8 13,6 9,0 1,1 25,7 6 NNE Max >= 27,0 1 Max <= 0,0 0 Min <= 0,0 0 Min <= -18,0 0 Max Rain: 4,6 on day 5 Days of Rain: 7 (>= 0,2 mm) 2 (>= 2,0 mm) 0 (>= 20,0 mm) Heat Base: 18,3 Cool Base: 18,3 Method: Integration