NOAA-Style Climate Reports
Select a Year or Month report
2024: Gen Feb Mar Apr Mag Giu Lug Ago Set Ott Nov Dic
2023: Gen Feb Mar Apr Mag Giu Lug Ago Set Ott Nov Dic
2022: Gen Feb Mar Apr Mag Giu Lug Ago Set Ott Nov Dic
2021: Gen Feb Mar Apr Mag Giu Lug Ago Set Ott Nov Dic
2020: Gen Feb Mar Apr Mag Giu Lug Ago Set Ott Nov Dic
2019: Gen Feb Mar Apr Mag Giu Lug Ago Set Ott Nov Dic
2018: Gen Feb Mar Apr Mag Giu Lug Ago Set Ott Nov Dic
2017: Gen Feb Mar Apr Mag Giu Lug Ago Set Ott Nov Dic
2016: Gen Feb Mar Apr Mag Giu Lug Ago Set Ott Nov Dic
2015: Gen Feb Mar Apr Mag Giu Lug Ago Set Ott Nov Dic
2014: Gen Feb Mar Apr Mag Giu Lug Ago Set Ott Nov Dic
2013: Gen Feb Mar Apr Mag Giu Lug Ago Set Ott Nov Dic
2024: Gen Feb Mar Apr Mag Giu Lug Ago Set Ott Nov Dic
2023: Gen Feb Mar Apr Mag Giu Lug Ago Set Ott Nov Dic
2022: Gen Feb Mar Apr Mag Giu Lug Ago Set Ott Nov Dic
2021: Gen Feb Mar Apr Mag Giu Lug Ago Set Ott Nov Dic
2020: Gen Feb Mar Apr Mag Giu Lug Ago Set Ott Nov Dic
2019: Gen Feb Mar Apr Mag Giu Lug Ago Set Ott Nov Dic
2018: Gen Feb Mar Apr Mag Giu Lug Ago Set Ott Nov Dic
2017: Gen Feb Mar Apr Mag Giu Lug Ago Set Ott Nov Dic
2016: Gen Feb Mar Apr Mag Giu Lug Ago Set Ott Nov Dic
2015: Gen Feb Mar Apr Mag Giu Lug Ago Set Ott Nov Dic
2014: Gen Feb Mar Apr Mag Giu Lug Ago Set Ott Nov Dic
2013: Gen Feb Mar Apr Mag Giu Lug Ago Set Ott Nov Dic
Report for 2022 Febbraio
Monthly Climatological Summary for feb 2022 Name: Meteo Arquà Polesine City: Arquà Polesine (RO) State: Italia Elevation: 8 m Lat: N 45° 00' 16" Lon: E 011° 44' 26" Temperature (°C), Rain (mm), Wind Speed (km/h) Heat Cool Avg Mean Deg Deg Wind Dom Day Temp High Time Low Time Days Days Rain Speed High Time Dir ---------------------------------------------------------------------------------- 01 4,9 14,8 14:14 -1,4 05:30 13,4 0,0 0,0 3,2 19,3 14:22 WNW 02 3,8 13,4 14:21 -3,9 07:07 14,5 0,0 0,0 0,5 9,7 11:10 WNW 03 6,8 13,4 14:09 1,3 02:46 11,5 0,0 0,2 0,9 12,9 08:13 ENE 04 6,0 10,9 14:05 0,9 05:36 12,3 0,0 0,0 0,2 6,4 12:42 NW 05 6,6 11,9 12:29 0,3 23:41 11,7 0,0 0,0 0,2 8,0 12:47 WNW 06 4,1 7,2 15:09 -1,1 03:03 14,2 0,0 0,0 0,7 11,3 13:02 W 07 6,8 14,3 14:15 1,1 23:19 11,5 0,0 0,0 2,7 30,6 14:15 NW 08 3,8 13,0 14:32 -3,2 07:15 14,5 0,0 0,0 0,7 14,5 13:54 WNW 09 3,8 14,1 14:30 -4,4 07:41 14,5 0,0 0,0 0,7 16,1 14:22 WNW 10 5,5 15,2 14:32 -2,1 07:43 12,8 0,0 0,0 0,4 9,7 14:33 WNW 11 6,8 12,5 13:48 1,6 01:32 11,5 0,0 0,0 0,2 6,4 14:46 WNW 12 5,7 12,6 14:24 -0,8 21:08 12,6 0,0 0,0 1,0 16,1 11:29 ENE 13 3,6 13,2 14:45 -3,9 07:54 14,7 0,0 0,0 0,0 6,4 02:20 NW 14 4,1 7,7 16:10 0,2 03:40 14,2 0,0 0,0 0,5 9,7 11:50 NW 15 4,8 6,0 14:44 3,3 09:55 13,5 0,0 3,2 3,3 19,3 10:19 WNW 16 6,6 12,3 13:59 3,3 23:40 11,7 0,0 0,0 1,0 11,3 10:58 WNW 17 4,5 10,0 16:38 1,4 23:59 13,8 0,0 0,2 0,8 11,3 14:33 WNW 18 6,2 14,4 14:28 0,3 06:44 12,1 0,0 0,2 0,2 8,0 14:06 NE 19 8,0 11,5 14:30 3,9 00:44 10,3 0,0 0,0 0,0 6,4 23:24 NW 20 9,4 16,2 14:53 5,0 22:43 8,9 0,0 0,0 1,4 22,5 15:14 W 21 6,9 16,1 14:46 1,9 23:54 11,4 0,0 4,4 1,0 19,3 13:56 WNW 22 6,6 17,2 13:56 0,2 06:32 11,7 0,0 0,2 0,5 16,1 12:43 NW 23 7,9 18,7 14:54 1,8 06:31 10,4 0,0 0,0 0,1 6,4 13:42 E 24 7,0 15,7 14:03 0,3 07:10 11,3 0,0 0,0 0,1 8,0 13:57 NE 25 6,5 13,9 15:18 0,4 06:48 11,8 0,0 2,0 1,3 25,7 20:03 NNE ---------------------------------------------------------------------------------- 5,9 18,7 23 -4,4 9 310,8 0,0 10,4 0,9 30,6 7 NW Max >= 27,0 0 Max <= 0,0 0 Min <= 0,0 8 Min <= -18,0 0 Max Rain: 4,4 on day 21 Days of Rain: 7 (>= 0,2 mm) 3 (>= 2,0 mm) 0 (>= 20,0 mm) Heat Base: 18,3 Cool Base: 18,3 Method: Integration