NOAA-Style Climate Reports
Select a Year or Month report
2024: Gen Feb Mar Apr Mag Giu Lug Ago Set Ott Nov Dic
2023: Gen Feb Mar Apr Mag Giu Lug Ago Set Ott Nov Dic
2022: Gen Feb Mar Apr Mag Giu Lug Ago Set Ott Nov Dic
2021: Gen Feb Mar Apr Mag Giu Lug Ago Set Ott Nov Dic
2020: Gen Feb Mar Apr Mag Giu Lug Ago Set Ott Nov Dic
2019: Gen Feb Mar Apr Mag Giu Lug Ago Set Ott Nov Dic
2018: Gen Feb Mar Apr Mag Giu Lug Ago Set Ott Nov Dic
2017: Gen Feb Mar Apr Mag Giu Lug Ago Set Ott Nov Dic
2016: Gen Feb Mar Apr Mag Giu Lug Ago Set Ott Nov Dic
2015: Gen Feb Mar Apr Mag Giu Lug Ago Set Ott Nov Dic
2014: Gen Feb Mar Apr Mag Giu Lug Ago Set Ott Nov Dic
2013: Gen Feb Mar Apr Mag Giu Lug Ago Set Ott Nov Dic
2024: Gen Feb Mar Apr Mag Giu Lug Ago Set Ott Nov Dic
2023: Gen Feb Mar Apr Mag Giu Lug Ago Set Ott Nov Dic
2022: Gen Feb Mar Apr Mag Giu Lug Ago Set Ott Nov Dic
2021: Gen Feb Mar Apr Mag Giu Lug Ago Set Ott Nov Dic
2020: Gen Feb Mar Apr Mag Giu Lug Ago Set Ott Nov Dic
2019: Gen Feb Mar Apr Mag Giu Lug Ago Set Ott Nov Dic
2018: Gen Feb Mar Apr Mag Giu Lug Ago Set Ott Nov Dic
2017: Gen Feb Mar Apr Mag Giu Lug Ago Set Ott Nov Dic
2016: Gen Feb Mar Apr Mag Giu Lug Ago Set Ott Nov Dic
2015: Gen Feb Mar Apr Mag Giu Lug Ago Set Ott Nov Dic
2014: Gen Feb Mar Apr Mag Giu Lug Ago Set Ott Nov Dic
2013: Gen Feb Mar Apr Mag Giu Lug Ago Set Ott Nov Dic
Report for 2022 Luglio
Monthly Climatological Summary for lug 2022 Name: Meteo Arquà Polesine City: Arquà Polesine (RO) State: Italia Elevation: 8 m Lat: N 45° 00' 16" Lon: E 011° 44' 26" Temperature (°C), Rain (mm), Wind Speed (km/h) Heat Cool Avg Mean Deg Deg Wind Dom Day Temp High Time Low Time Days Days Rain Speed High Time Dir ---------------------------------------------------------------------------------- 01 29,0 37,9 14:37 21,6 05:07 0,0 10,6 0,0 0,7 24,1 17:28 NE 02 28,9 36,8 15:40 19,4 06:02 0,0 10,6 0,0 0,8 11,3 09:27 NNW 03 30,3 39,1 15:13 21,9 02:39 0,0 12,0 0,0 0,6 16,1 13:31 WNW 04 29,6 38,7 16:00 20,2 21:27 0,0 11,3 5,0 1,4 54,7 20:14 WNW 05 27,1 36,2 15:38 18,4 04:58 0,0 8,8 0,0 1,5 14,5 08:34 W 06 27,7 35,4 15:26 20,9 05:45 0,0 9,4 0,0 1,4 17,7 03:02 NE 07 24,9 34,3 14:03 17,9 21:15 0,0 6,6 10,2 1,7 35,4 19:54 E 08 24,9 32,6 15:38 17,4 05:26 0,1 6,7 0,0 0,7 9,7 16:53 ENE 09 25,0 32,1 16:18 18,0 02:35 0,0 6,7 0,0 0,5 12,9 14:32 E 10 25,6 34,9 16:39 15,6 05:21 0,4 7,7 0,0 0,9 11,3 18:06 NNE 11 25,8 31,7 14:52 20,6 05:59 0,0 7,5 0,0 1,5 12,9 12:19 E 12 26,6 33,1 15:21 21,8 05:35 0,0 8,3 0,0 1,0 12,9 15:58 E 13 27,3 35,6 16:24 19,8 04:31 0,0 9,0 0,0 0,4 8,0 10:44 NE 14 27,2 38,2 15:31 16,8 05:59 0,1 9,0 0,0 0,5 12,9 18:57 E 15 28,7 39,1 15:38 19,1 05:42 0,0 10,4 0,0 0,6 9,7 14:18 NE 16 29,0 37,4 15:32 22,2 06:15 0,0 10,7 0,0 1,0 9,7 08:39 ENE 17 28,6 35,1 15:17 23,5 04:24 0,0 10,3 0,0 1,1 16,1 08:51 ENE 18 28,3 35,6 15:27 21,6 05:48 0,0 10,0 0,0 0,6 8,0 10:50 ENE 19 28,1 36,7 14:41 18,6 05:35 0,0 9,8 0,0 0,6 9,7 13:16 ENE 20 28,7 37,9 16:14 18,4 04:31 0,0 10,4 0,0 0,4 14,5 12:30 NE 21 29,2 37,5 15:51 19,4 06:26 0,0 10,9 0,0 0,6 9,7 17:06 ENE 22 30,7 39,9 15:24 22,2 06:10 0,0 12,5 0,0 0,4 9,7 15:49 ENE 23 31,5 40,9 15:09 22,3 06:21 0,0 13,2 0,0 1,0 14,5 13:59 WNW 24 30,6 38,5 15:57 24,2 06:07 0,0 12,3 0,0 0,7 9,7 09:31 NE 25 30,4 39,6 15:27 20,6 06:09 0,0 12,1 0,0 0,7 11,3 14:30 W 26 29,6 36,6 15:29 23,3 06:31 0,0 11,3 0,0 2,4 22,5 00:26 NW 27 26,4 33,8 16:33 18,5 06:04 0,0 8,1 4,6 2,0 37,0 04:40 WNW 28 27,2 33,6 14:32 21,8 06:13 0,0 8,9 0,0 0,9 11,3 11:44 ENE 29 26,9 36,9 16:30 19,6 05:43 0,0 8,5 5,4 1,0 9,7 11:47 WNW 30 26,2 34,2 15:57 20,8 02:10 0,0 7,9 0,0 2,0 16,1 09:00 WNW 31 28,2 36,7 15:55 19,3 06:21 0,0 9,9 0,0 0,8 14,5 13:06 W ---------------------------------------------------------------------------------- 28,0 40,9 23 15,6 10 0,6 301,4 25,2 1,0 54,7 4 N Max >= 27,0 31 Max <= 0,0 0 Min <= 0,0 0 Min <= -18,0 0 Max Rain: 10,2 on day 7 Days of Rain: 4 (>= 0,2 mm) 4 (>= 2,0 mm) 0 (>= 20,0 mm) Heat Base: 18,3 Cool Base: 18,3 Method: Integration