NOAA-Style Climate Reports
Select a Year or Month report
2024: Gen Feb Mar Apr Mag Giu Lug Ago Set Ott Nov Dic
2023: Gen Feb Mar Apr Mag Giu Lug Ago Set Ott Nov Dic
2022: Gen Feb Mar Apr Mag Giu Lug Ago Set Ott Nov Dic
2021: Gen Feb Mar Apr Mag Giu Lug Ago Set Ott Nov Dic
2020: Gen Feb Mar Apr Mag Giu Lug Ago Set Ott Nov Dic
2019: Gen Feb Mar Apr Mag Giu Lug Ago Set Ott Nov Dic
2018: Gen Feb Mar Apr Mag Giu Lug Ago Set Ott Nov Dic
2017: Gen Feb Mar Apr Mag Giu Lug Ago Set Ott Nov Dic
2016: Gen Feb Mar Apr Mag Giu Lug Ago Set Ott Nov Dic
2015: Gen Feb Mar Apr Mag Giu Lug Ago Set Ott Nov Dic
2014: Gen Feb Mar Apr Mag Giu Lug Ago Set Ott Nov Dic
2013: Gen Feb Mar Apr Mag Giu Lug Ago Set Ott Nov Dic
2024: Gen Feb Mar Apr Mag Giu Lug Ago Set Ott Nov Dic
2023: Gen Feb Mar Apr Mag Giu Lug Ago Set Ott Nov Dic
2022: Gen Feb Mar Apr Mag Giu Lug Ago Set Ott Nov Dic
2021: Gen Feb Mar Apr Mag Giu Lug Ago Set Ott Nov Dic
2020: Gen Feb Mar Apr Mag Giu Lug Ago Set Ott Nov Dic
2019: Gen Feb Mar Apr Mag Giu Lug Ago Set Ott Nov Dic
2018: Gen Feb Mar Apr Mag Giu Lug Ago Set Ott Nov Dic
2017: Gen Feb Mar Apr Mag Giu Lug Ago Set Ott Nov Dic
2016: Gen Feb Mar Apr Mag Giu Lug Ago Set Ott Nov Dic
2015: Gen Feb Mar Apr Mag Giu Lug Ago Set Ott Nov Dic
2014: Gen Feb Mar Apr Mag Giu Lug Ago Set Ott Nov Dic
2013: Gen Feb Mar Apr Mag Giu Lug Ago Set Ott Nov Dic
Report for 2023 Marzo
Monthly Climatological Summary for mar 2023 Name: Meteo Arquà Polesine City: Arquà Polesine (RO) State: Italia Elevation: 8 m Lat: N 45° 00' 16" Lon: E 011° 44' 26" Temperature (°C), Rain (mm), Wind Speed (km/h) Heat Cool Avg Mean Deg Deg Wind Dom Day Temp High Time Low Time Days Days Rain Speed High Time Dir ---------------------------------------------------------------------------------- 01 5,7 8,0 10:36 2,6 01:06 12,5 0,0 14,0 2,1 18,0 09:24 NNE 02 8,3 11,3 12:58 5,8 07:16 10,0 0,0 0,4 1,0 13,0 00:05 N 03 7,8 15,7 14:27 0,8 06:05 10,5 0,0 0,0 1,3 13,0 10:43 NW 04 7,9 15,8 14:11 2,5 07:37 10,4 0,0 0,0 0,8 11,0 14:44 WNW 05 7,4 17,3 14:54 0,0 06:38 10,9 0,0 0,0 0,1 6,0 13:00 NW 06 7,6 17,2 14:15 1,2 06:09 10,7 0,0 0,2 0,0 6,0 15:15 NW 07 9,3 18,2 14:43 1,6 06:47 8,9 0,0 0,0 0,3 11,0 17:59 NW 08 11,3 18,9 15:10 3,3 06:00 7,0 0,0 0,0 0,1 6,0 10:18 NNW 09 14,2 21,1 14:40 10,3 23:58 4,4 0,3 0,0 2,4 21,0 11:09 WNW 10 12,2 20,0 14:56 5,3 04:37 6,2 0,1 1,0 3,0 26,0 16:54 WNW 11 13,1 20,4 15:15 8,7 21:48 5,4 0,2 0,0 2,8 19,0 01:29 NW 12 10,6 17,8 14:18 5,4 23:58 7,7 0,0 0,0 0,5 11,0 08:25 E 13 11,0 17,8 14:27 5,1 02:10 7,3 0,0 0,0 0,4 8,0 10:24 ENE 14 12,6 18,2 11:34 9,3 02:07 5,7 0,0 0,0 1,4 19,0 12:13 NNW 15 9,5 15,8 16:02 3,3 23:58 8,7 0,0 3,2 0,6 16,0 11:11 ENE 16 7,7 15,8 14:21 0,4 06:50 10,6 0,0 0,0 0,2 8,0 11:03 SE 17 7,5 17,1 14:09 -0,2 05:22 10,7 0,0 0,0 0,1 8,0 15:26 E 18 8,2 18,6 14:46 -0,1 04:45 10,1 0,0 0,0 0,2 8,0 17:31 E 19 11,0 17,6 14:52 5,2 02:00 7,3 0,0 3,4 0,1 6,0 07:14 NNW 20 10,6 15,1 15:38 4,9 23:54 7,6 0,0 1,0 0,0 5,0 05:51 NE 21 11,6 21,8 15:03 4,4 06:56 7,1 0,4 0,4 1,2 13,0 10:37 W 22 14,0 23,3 15:05 8,3 06:55 5,1 0,8 0,0 0,0 6,0 11:58 N 23 13,2 23,2 16:16 5,3 06:18 5,8 0,7 0,0 0,5 13,0 14:38 W 24 13,8 22,4 15:54 7,2 06:51 5,1 0,6 0,0 1,9 18,0 12:39 W 25 15,3 23,7 14:20 9,2 03:48 4,1 1,1 0,0 4,4 32,0 13:40 W 26 12,3 22,0 14:57 5,2 07:20 6,0 0,3 10,4 1,7 37,0 20:05 NW 27 10,7 19,8 15:23 5,3 06:10 7,6 0,0 0,4 3,6 42,0 16:57 NW 28 8,6 16,9 16:22 0,3 07:02 9,7 0,0 0,0 1,8 19,0 13:26 NW 29 10,4 18,5 16:43 3,8 06:12 7,8 0,0 0,0 1,7 21,0 13:38 NW 30 12,8 19,9 16:50 8,2 04:40 5,6 0,1 0,2 0,2 10,0 14:10 NNW 31 12,5 19,5 14:56 6,3 07:02 5,8 0,0 0,0 0,0 8,0 17:43 N ---------------------------------------------------------------------------------- 10,6 23,7 25 -0,2 17 242,3 4,6 34,6 1,1 42,0 27 NW Max >= 27,0 0 Max <= 0,0 0 Min <= 0,0 3 Min <= -18,0 0 Max Rain: 14,0 on day 1 Days of Rain: 11 (>= 0,2 mm) 4 (>= 2,0 mm) 0 (>= 20,0 mm) Heat Base: 18,3 Cool Base: 18,3 Method: Integration