NOAA-Style Climate Reports
Select a Year or Month report
2024: Gen Feb Mar Apr Mag Giu Lug Ago Set Ott Nov Dic
2023: Gen Feb Mar Apr Mag Giu Lug Ago Set Ott Nov Dic
2022: Gen Feb Mar Apr Mag Giu Lug Ago Set Ott Nov Dic
2021: Gen Feb Mar Apr Mag Giu Lug Ago Set Ott Nov Dic
2020: Gen Feb Mar Apr Mag Giu Lug Ago Set Ott Nov Dic
2019: Gen Feb Mar Apr Mag Giu Lug Ago Set Ott Nov Dic
2018: Gen Feb Mar Apr Mag Giu Lug Ago Set Ott Nov Dic
2017: Gen Feb Mar Apr Mag Giu Lug Ago Set Ott Nov Dic
2016: Gen Feb Mar Apr Mag Giu Lug Ago Set Ott Nov Dic
2015: Gen Feb Mar Apr Mag Giu Lug Ago Set Ott Nov Dic
2014: Gen Feb Mar Apr Mag Giu Lug Ago Set Ott Nov Dic
2013: Gen Feb Mar Apr Mag Giu Lug Ago Set Ott Nov Dic
2024: Gen Feb Mar Apr Mag Giu Lug Ago Set Ott Nov Dic
2023: Gen Feb Mar Apr Mag Giu Lug Ago Set Ott Nov Dic
2022: Gen Feb Mar Apr Mag Giu Lug Ago Set Ott Nov Dic
2021: Gen Feb Mar Apr Mag Giu Lug Ago Set Ott Nov Dic
2020: Gen Feb Mar Apr Mag Giu Lug Ago Set Ott Nov Dic
2019: Gen Feb Mar Apr Mag Giu Lug Ago Set Ott Nov Dic
2018: Gen Feb Mar Apr Mag Giu Lug Ago Set Ott Nov Dic
2017: Gen Feb Mar Apr Mag Giu Lug Ago Set Ott Nov Dic
2016: Gen Feb Mar Apr Mag Giu Lug Ago Set Ott Nov Dic
2015: Gen Feb Mar Apr Mag Giu Lug Ago Set Ott Nov Dic
2014: Gen Feb Mar Apr Mag Giu Lug Ago Set Ott Nov Dic
2013: Gen Feb Mar Apr Mag Giu Lug Ago Set Ott Nov Dic
Report for 2023 Maggio
Monthly Climatological Summary for mag 2023 Name: Meteo Arquà Polesine City: Arquà Polesine (RO) State: Italia Elevation: 8 m Lat: N 45° 00' 16" Lon: E 011° 44' 26" Temperature (°C), Rain (mm), Wind Speed (km/h) Heat Cool Avg Mean Deg Deg Wind Dom Day Temp High Time Low Time Days Days Rain Speed High Time Dir ---------------------------------------------------------------------------------- 01 15,5 19,3 14:40 12,4 22:39 2,9 0,1 9,0 1,7 18,0 23:51 ENE 02 13,0 14,0 13:47 12,3 05:47 5,3 0,0 45,4 3,8 21,0 00:12 N 03 16,0 22,3 15:29 12,3 00:16 3,1 0,8 3,2 1,7 11,0 14:58 WNW 04 17,5 25,1 15:28 8,7 06:24 2,9 2,1 0,0 0,1 6,0 11:04 E 05 18,5 27,7 15:38 9,5 06:10 2,7 2,9 0,0 0,1 6,0 11:04 WNW 06 19,6 28,8 16:40 10,9 06:20 2,1 3,4 0,0 0,1 10,0 15:58 NW 07 20,9 28,9 15:45 12,8 05:44 1,3 3,9 0,0 0,2 8,0 16:55 E 08 19,6 24,3 12:53 15,8 06:46 0,5 1,8 0,2 1,3 14,0 14:54 NW 09 18,6 25,1 14:43 13,6 06:32 1,3 1,5 0,0 0,6 10,0 00:28 E 10 13,4 16,1 01:10 12,1 08:37 4,9 0,0 66,8 2,1 19,0 18:27 NNW 11 12,4 13,7 15:11 11,2 07:18 5,9 0,0 16,4 5,9 19,0 06:00 WNW 12 14,0 22,6 14:51 11,1 23:32 4,6 0,3 22,0 0,4 13,0 16:19 W 13 15,1 20,7 15:36 10,8 02:33 3,4 0,3 0,2 0,6 11,0 12:31 ENE 14 13,8 15,9 12:36 12,7 07:06 4,4 0,0 6,4 1,0 11,0 11:51 WNW 15 16,9 22,8 16:58 10,0 06:27 2,6 1,3 0,2 0,5 8,0 11:52 NNW 16 14,9 18,9 14:52 12,9 21:28 3,4 0,0 19,8 3,2 21,0 13:17 N 17 15,2 18,8 16:56 12,4 06:45 3,1 0,0 17,0 1,0 14,0 08:29 NW 18 16,0 21,7 15:38 9,3 05:19 3,1 0,8 0,0 0,7 14,0 10:22 E 19 15,8 18,3 14:38 13,6 00:00 2,5 0,0 1,6 0,1 8,0 10:19 E 20 16,8 19,8 14:47 14,2 05:10 1,7 0,3 1,0 0,6 14,0 13:09 E 21 21,2 28,5 16:14 14,8 03:09 1,1 4,0 0,0 0,8 16,0 11:23 E 22 22,6 29,4 14:53 15,7 05:58 0,5 4,8 0,0 0,4 10,0 11:42 ENE 23 22,6 31,6 16:09 14,0 06:15 1,0 5,3 0,0 0,8 10,0 12:46 W 24 22,2 28,7 14:36 15,5 04:47 0,4 4,3 0,0 0,5 11,0 13:42 E 25 21,6 28,3 17:48 15,2 09:42 0,3 3,6 10,8 0,8 11,0 11:36 E 26 22,7 31,8 16:32 14,7 05:38 0,7 5,2 0,0 0,8 8,0 07:32 W 27 22,2 28,1 15:34 16,6 06:05 0,3 4,1 7,0 0,9 13,0 03:05 E 28 21,5 28,6 16:12 14,8 03:55 0,6 3,9 0,0 0,5 11,0 14:08 E 29 22,5 29,4 15:16 15,7 02:56 0,6 4,7 0,0 0,6 13,0 13:51 E 30 23,4 29,4 16:00 17,7 01:40 0,0 5,1 0,0 0,8 16,0 23:20 E 31 22,5 27,9 16:26 16,8 23:59 0,1 4,3 0,0 1,6 16,0 15:01 E ---------------------------------------------------------------------------------- 18,3 31,8 26 8,7 4 67,3 68,8 227,0 1,1 21,0 2 N Max >= 27,0 14 Max <= 0,0 0 Min <= 0,0 0 Min <= -18,0 0 Max Rain: 66,8 on day 10 Days of Rain: 16 (>= 0,2 mm) 11 (>= 2,0 mm) 3 (>= 20,0 mm) Heat Base: 18,3 Cool Base: 18,3 Method: Integration