NOAA-Style Climate Reports
Select a Year or Month report
2024: Gen Feb Mar Apr Mag Giu Lug Ago Set Ott Nov Dic
2023: Gen Feb Mar Apr Mag Giu Lug Ago Set Ott Nov Dic
2022: Gen Feb Mar Apr Mag Giu Lug Ago Set Ott Nov Dic
2021: Gen Feb Mar Apr Mag Giu Lug Ago Set Ott Nov Dic
2020: Gen Feb Mar Apr Mag Giu Lug Ago Set Ott Nov Dic
2019: Gen Feb Mar Apr Mag Giu Lug Ago Set Ott Nov Dic
2018: Gen Feb Mar Apr Mag Giu Lug Ago Set Ott Nov Dic
2017: Gen Feb Mar Apr Mag Giu Lug Ago Set Ott Nov Dic
2016: Gen Feb Mar Apr Mag Giu Lug Ago Set Ott Nov Dic
2015: Gen Feb Mar Apr Mag Giu Lug Ago Set Ott Nov Dic
2014: Gen Feb Mar Apr Mag Giu Lug Ago Set Ott Nov Dic
2013: Gen Feb Mar Apr Mag Giu Lug Ago Set Ott Nov Dic
2024: Gen Feb Mar Apr Mag Giu Lug Ago Set Ott Nov Dic
2023: Gen Feb Mar Apr Mag Giu Lug Ago Set Ott Nov Dic
2022: Gen Feb Mar Apr Mag Giu Lug Ago Set Ott Nov Dic
2021: Gen Feb Mar Apr Mag Giu Lug Ago Set Ott Nov Dic
2020: Gen Feb Mar Apr Mag Giu Lug Ago Set Ott Nov Dic
2019: Gen Feb Mar Apr Mag Giu Lug Ago Set Ott Nov Dic
2018: Gen Feb Mar Apr Mag Giu Lug Ago Set Ott Nov Dic
2017: Gen Feb Mar Apr Mag Giu Lug Ago Set Ott Nov Dic
2016: Gen Feb Mar Apr Mag Giu Lug Ago Set Ott Nov Dic
2015: Gen Feb Mar Apr Mag Giu Lug Ago Set Ott Nov Dic
2014: Gen Feb Mar Apr Mag Giu Lug Ago Set Ott Nov Dic
2013: Gen Feb Mar Apr Mag Giu Lug Ago Set Ott Nov Dic
Report for 2023 Luglio
Monthly Climatological Summary for lug 2023 Name: Meteo Arquà Polesine City: Arquà Polesine (RO) State: Italia Elevation: 8 m Lat: N 45° 00' 16" Lon: E 011° 44' 26" Temperature (°C), Rain (mm), Wind Speed (km/h) Heat Cool Avg Mean Deg Deg Wind Dom Day Temp High Time Low Time Days Days Rain Speed High Time Dir ---------------------------------------------------------------------------------- 01 22,5 29,8 18:11 17,9 04:09 0,1 4,3 0,2 0,0 6,0 12:44 WNW 02 25,6 33,3 16:33 18,7 05:42 0,0 7,3 0,0 0,2 8,0 15:13 ENE 03 25,2 30,4 15:18 20,7 05:50 0,0 6,9 0,0 1,3 14,0 13:18 ENE 04 25,0 32,7 15:32 17,6 04:04 0,1 6,7 8,2 0,4 19,0 02:09 NNW 05 25,6 32,8 15:51 19,9 05:36 0,0 7,2 0,0 0,6 16,0 06:03 W 06 22,8 27,4 15:49 18,6 23:40 0,0 4,5 0,8 0,9 29,0 10:12 NE 07 24,7 32,0 15:04 16,4 05:22 0,3 6,7 0,2 0,1 8,0 14:21 E 08 26,1 34,8 15:31 16,8 04:23 0,2 8,0 0,0 0,0 6,0 18:13 NE 09 28,2 37,1 16:02 18,1 05:26 0,0 9,9 0,0 0,0 6,0 11:09 WNW 10 29,6 38,9 15:44 20,3 05:58 0,0 11,3 0,0 0,2 6,0 13:30 ENE 11 30,4 37,4 15:39 24,0 06:03 0,0 12,0 0,0 0,2 8,0 08:24 ENE 12 28,9 33,7 14:32 25,0 06:43 0,0 10,6 0,0 1,4 18,0 11:04 ENE 13 26,7 33,3 16:38 21,8 06:11 0,0 8,4 0,0 0,3 13,0 02:56 WNW 14 27,6 33,8 15:30 21,1 05:38 0,0 9,3 0,0 0,6 10,0 09:52 ENE 15 28,5 36,8 15:52 20,4 05:41 0,0 10,2 0,0 0,3 10,0 16:35 E 16 29,9 37,4 16:28 22,5 06:25 0,0 11,6 0,0 0,1 8,0 11:49 ENE 17 30,1 38,1 16:17 22,1 05:06 0,0 11,8 0,0 0,3 13,0 13:00 WSW 18 30,3 37,8 16:07 22,2 04:56 0,0 12,0 0,0 0,4 13,0 19:29 ENE 19 30,2 37,7 16:33 23,1 06:21 0,0 11,8 0,0 0,3 19,0 21:59 ENE 20 28,7 36,6 15:31 20,6 05:55 0,0 10,3 0,0 0,2 23,0 01:21 WNW 21 26,8 31,9 11:57 23,4 23:16 0,0 8,5 1,2 1,4 23,0 14:12 NE 22 25,6 32,8 14:03 19,1 05:45 0,0 7,3 0,4 0,4 11,0 00:15 ENE 23 27,4 35,1 16:15 20,8 06:31 0,0 9,1 0,0 0,5 8,0 03:01 N 24 26,7 31,8 15:51 21,6 04:28 0,0 8,4 0,2 1,3 18,0 17:21 ENE 25 24,8 32,1 15:44 20,3 05:25 0,0 6,5 2,2 0,5 19,0 06:38 NNW 26 24,3 32,5 16:51 17,1 06:10 0,1 6,1 1,6 0,5 24,0 21:33 NW 27 22,9 30,8 15:06 15,9 06:00 0,4 5,0 0,0 0,5 10,0 08:30 ENE 28 25,1 32,9 15:23 17,8 04:25 0,1 6,8 0,0 0,1 8,0 15:34 W 29 26,7 35,4 15:32 18,3 06:08 0,0 8,4 0,0 0,2 10,0 12:20 WSW 30 26,9 34,2 15:33 19,0 06:28 0,0 8,6 0,0 0,3 19,0 03:20 W 31 27,2 34,7 15:46 21,4 05:33 0,0 8,8 0,0 0,2 6,0 08:12 ENE ---------------------------------------------------------------------------------- 26,8 38,9 10 15,9 27 1,3 264,3 15,0 0,5 29,0 6 NE Max >= 27,0 31 Max <= 0,0 0 Min <= 0,0 0 Min <= -18,0 0 Max Rain: 8,2 on day 4 Days of Rain: 9 (>= 0,2 mm) 2 (>= 2,0 mm) 0 (>= 20,0 mm) Heat Base: 18,3 Cool Base: 18,3 Method: Integration