NOAA-Style Climate Reports
Select a Year or Month report
2024: Gen Feb Mar Apr Mag Giu Lug Ago Set Ott Nov Dic
2023: Gen Feb Mar Apr Mag Giu Lug Ago Set Ott Nov Dic
2022: Gen Feb Mar Apr Mag Giu Lug Ago Set Ott Nov Dic
2021: Gen Feb Mar Apr Mag Giu Lug Ago Set Ott Nov Dic
2020: Gen Feb Mar Apr Mag Giu Lug Ago Set Ott Nov Dic
2019: Gen Feb Mar Apr Mag Giu Lug Ago Set Ott Nov Dic
2018: Gen Feb Mar Apr Mag Giu Lug Ago Set Ott Nov Dic
2017: Gen Feb Mar Apr Mag Giu Lug Ago Set Ott Nov Dic
2016: Gen Feb Mar Apr Mag Giu Lug Ago Set Ott Nov Dic
2015: Gen Feb Mar Apr Mag Giu Lug Ago Set Ott Nov Dic
2014: Gen Feb Mar Apr Mag Giu Lug Ago Set Ott Nov Dic
2013: Gen Feb Mar Apr Mag Giu Lug Ago Set Ott Nov Dic
2024: Gen Feb Mar Apr Mag Giu Lug Ago Set Ott Nov Dic
2023: Gen Feb Mar Apr Mag Giu Lug Ago Set Ott Nov Dic
2022: Gen Feb Mar Apr Mag Giu Lug Ago Set Ott Nov Dic
2021: Gen Feb Mar Apr Mag Giu Lug Ago Set Ott Nov Dic
2020: Gen Feb Mar Apr Mag Giu Lug Ago Set Ott Nov Dic
2019: Gen Feb Mar Apr Mag Giu Lug Ago Set Ott Nov Dic
2018: Gen Feb Mar Apr Mag Giu Lug Ago Set Ott Nov Dic
2017: Gen Feb Mar Apr Mag Giu Lug Ago Set Ott Nov Dic
2016: Gen Feb Mar Apr Mag Giu Lug Ago Set Ott Nov Dic
2015: Gen Feb Mar Apr Mag Giu Lug Ago Set Ott Nov Dic
2014: Gen Feb Mar Apr Mag Giu Lug Ago Set Ott Nov Dic
2013: Gen Feb Mar Apr Mag Giu Lug Ago Set Ott Nov Dic
Report for 2023 Agosto
Monthly Climatological Summary for ago 2023 Name: Meteo Arquà Polesine City: Arquà Polesine (RO) State: Italia Elevation: 8 m Lat: N 45° 00' 16" Lon: E 011° 44' 26" Temperature (°C), Rain (mm), Wind Speed (km/h) Heat Cool Avg Mean Deg Deg Wind Dom Day Temp High Time Low Time Days Days Rain Speed High Time Dir ---------------------------------------------------------------------------------- 01 26,8 33,0 16:49 21,7 06:04 0,0 8,5 0,0 0,4 13,0 15:26 WSW 02 26,1 33,1 15:47 19,7 05:36 0,0 7,8 0,0 1,1 13,0 12:29 NE 03 27,9 37,0 15:11 19,2 04:56 0,0 9,6 0,0 0,2 13,0 16:14 SSW 04 24,8 31,4 10:19 17,6 23:57 0,0 6,5 8,0 0,3 13,0 19:23 ENE 05 19,3 23,1 19:25 16,7 07:33 0,5 1,5 52,2 1,3 13,0 03:40 WNW 06 22,3 30,2 15:49 15,4 04:34 0,6 4,6 0,4 1,1 14,0 13:29 WSW 07 22,0 30,6 16:41 14,5 06:30 0,8 4,4 0,0 0,8 11,0 11:21 W 08 22,8 32,1 15:11 14,1 06:22 0,9 5,4 0,0 0,1 10,0 01:16 E 09 24,2 31,5 15:04 18,1 01:20 0,0 5,9 0,0 0,2 10,0 11:07 NE 10 24,6 31,9 16:31 18,8 06:26 0,0 6,3 0,0 0,2 8,0 12:10 ENE 11 25,9 33,8 15:52 19,7 06:45 0,0 7,6 0,0 0,0 6,0 16:10 NE 12 25,5 35,4 15:40 16,8 06:19 0,2 7,4 0,0 0,1 8,0 14:55 N 13 26,9 35,2 15:38 18,7 06:35 0,0 8,6 0,0 0,0 6,0 16:07 NE 14 26,5 35,3 15:11 18,8 05:25 0,0 8,2 0,0 0,1 8,0 14:41 ENE 15 26,5 35,2 16:02 18,1 06:16 0,0 8,2 0,0 0,1 6,0 15:27 W 16 27,0 35,4 14:52 19,6 06:18 0,0 8,7 0,0 0,2 6,0 11:22 ENE 17 26,6 35,5 15:22 18,4 06:29 0,0 8,3 0,0 0,1 6,0 12:39 WSW 18 27,7 35,3 15:00 21,5 05:47 0,0 9,4 0,0 0,1 10,0 15:01 WNW 19 27,9 36,6 15:35 19,8 06:29 0,0 9,6 0,0 0,0 6,0 14:21 WSW 20 28,2 35,7 14:52 20,7 05:33 0,0 9,8 0,0 0,3 8,0 12:31 ENE 21 29,3 37,1 15:26 22,3 06:23 0,0 11,0 0,0 0,2 10,0 14:31 ENE 22 28,6 37,5 15:29 20,2 05:50 0,0 10,3 0,0 0,2 8,0 15:35 ENE 23 28,9 40,5 15:59 19,7 06:38 0,0 10,6 0,0 0,1 8,0 12:51 WSW 24 29,7 40,1 15:44 20,9 06:41 0,0 11,4 0,0 0,0 5,0 12:20 N 25 29,7 39,9 15:11 21,8 06:45 0,0 11,4 0,0 0,1 6,0 11:11 ENE 26 29,6 38,7 16:43 23,4 06:56 0,0 11,3 0,0 0,0 8,0 12:13 WSW 27 27,3 34,1 15:55 20,6 06:27 0,0 9,0 0,0 0,2 10,0 15:16 ENE 28 24,6 29,4 16:48 18,4 22:43 0,0 6,2 1,4 0,6 14,0 18:25 E 29 19,7 24,3 14:00 17,3 06:47 0,1 1,5 4,8 1,0 11,0 14:17 WNW 30 19,6 25,0 16:57 15,0 23:58 0,7 1,9 0,0 0,9 11,0 10:28 N 31 20,4 29,3 15:26 12,9 05:57 1,5 3,7 0,0 0,4 11,0 13:46 WSW ---------------------------------------------------------------------------------- 25,7 40,5 23 12,9 31 5,3 234,6 66,8 0,3 14,0 6 NW Max >= 27,0 28 Max <= 0,0 0 Min <= 0,0 0 Min <= -18,0 0 Max Rain: 52,2 on day 5 Days of Rain: 5 (>= 0,2 mm) 3 (>= 2,0 mm) 1 (>= 20,0 mm) Heat Base: 18,3 Cool Base: 18,3 Method: Integration