NOAA-Style Climate Reports
Select a Year or Month report
2024: Gen Feb Mar Apr Mag Giu Lug Ago Set Ott Nov Dic
2023: Gen Feb Mar Apr Mag Giu Lug Ago Set Ott Nov Dic
2022: Gen Feb Mar Apr Mag Giu Lug Ago Set Ott Nov Dic
2021: Gen Feb Mar Apr Mag Giu Lug Ago Set Ott Nov Dic
2020: Gen Feb Mar Apr Mag Giu Lug Ago Set Ott Nov Dic
2019: Gen Feb Mar Apr Mag Giu Lug Ago Set Ott Nov Dic
2018: Gen Feb Mar Apr Mag Giu Lug Ago Set Ott Nov Dic
2017: Gen Feb Mar Apr Mag Giu Lug Ago Set Ott Nov Dic
2016: Gen Feb Mar Apr Mag Giu Lug Ago Set Ott Nov Dic
2015: Gen Feb Mar Apr Mag Giu Lug Ago Set Ott Nov Dic
2014: Gen Feb Mar Apr Mag Giu Lug Ago Set Ott Nov Dic
2013: Gen Feb Mar Apr Mag Giu Lug Ago Set Ott Nov Dic
2024: Gen Feb Mar Apr Mag Giu Lug Ago Set Ott Nov Dic
2023: Gen Feb Mar Apr Mag Giu Lug Ago Set Ott Nov Dic
2022: Gen Feb Mar Apr Mag Giu Lug Ago Set Ott Nov Dic
2021: Gen Feb Mar Apr Mag Giu Lug Ago Set Ott Nov Dic
2020: Gen Feb Mar Apr Mag Giu Lug Ago Set Ott Nov Dic
2019: Gen Feb Mar Apr Mag Giu Lug Ago Set Ott Nov Dic
2018: Gen Feb Mar Apr Mag Giu Lug Ago Set Ott Nov Dic
2017: Gen Feb Mar Apr Mag Giu Lug Ago Set Ott Nov Dic
2016: Gen Feb Mar Apr Mag Giu Lug Ago Set Ott Nov Dic
2015: Gen Feb Mar Apr Mag Giu Lug Ago Set Ott Nov Dic
2014: Gen Feb Mar Apr Mag Giu Lug Ago Set Ott Nov Dic
2013: Gen Feb Mar Apr Mag Giu Lug Ago Set Ott Nov Dic
Report for 2023 Settembre
Monthly Climatological Summary for set 2023 Name: Meteo Arquà Polesine City: Arquà Polesine (RO) State: Italia Elevation: 8 m Lat: N 45° 00' 16" Lon: E 011° 44' 26" Temperature (°C), Rain (mm), Wind Speed (km/h) Heat Cool Avg Mean Deg Deg Wind Dom Day Temp High Time Low Time Days Days Rain Speed High Time Dir ---------------------------------------------------------------------------------- 01 22,7 32,2 15:08 14,4 06:58 0,7 5,1 0,0 0,1 8,0 17:08 WSW 02 23,8 34,3 15:27 16,4 06:56 0,2 5,7 0,0 0,1 6,0 13:46 ENE 03 23,8 32,2 15:45 16,3 06:36 0,3 5,8 0,0 0,9 16,0 16:10 WSW 04 24,0 31,2 15:48 18,9 04:39 0,0 5,7 0,0 0,2 8,0 10:29 ENE 05 22,8 28,6 16:17 16,7 22:54 0,1 4,6 0,0 1,3 21,0 13:23 E 06 22,6 31,0 16:13 15,4 03:52 0,5 4,8 0,0 0,8 11,0 10:23 NE 07 23,1 31,7 14:50 15,9 01:35 0,3 5,1 0,0 0,8 11,0 13:01 NNE 08 23,6 31,7 15:19 17,2 23:58 0,1 5,4 0,0 0,8 10,0 10:55 NNE 09 23,5 32,9 16:03 15,7 03:03 0,4 5,6 0,0 0,6 11,0 10:00 NNE 10 23,1 33,4 15:18 14,3 07:08 0,9 5,7 0,0 0,5 10,0 11:19 WNW 11 22,5 33,8 15:46 13,1 06:32 1,3 5,5 0,0 0,3 11,0 13:58 W 12 23,7 34,7 16:26 14,6 06:52 0,7 6,0 0,0 0,3 13,0 13:44 NNE 13 24,2 32,2 16:34 20,1 23:59 0,0 5,9 0,0 0,3 13,0 14:52 W 14 23,4 31,7 15:11 17,4 07:14 0,1 5,1 0,0 1,5 16,0 15:38 W 15 21,5 28,3 16:55 18,2 23:59 0,0 3,2 0,8 0,9 14,0 12:35 WNW 16 20,7 27,6 16:36 15,9 07:11 0,5 2,9 3,4 0,1 5,0 12:33 W 17 23,4 31,0 16:54 17,3 07:06 0,1 5,1 0,0 0,5 11,0 11:58 W 18 22,7 27,3 15:33 20,1 23:52 0,0 4,4 0,8 0,1 6,0 10:43 ENE 19 24,1 32,3 15:48 17,5 06:54 0,1 5,8 0,0 1,7 18,0 13:51 W 20 23,2 29,7 15:26 18,6 06:58 0,0 4,9 0,0 0,2 11,0 10:28 WNW 21 22,5 28,2 16:37 17,9 04:14 0,0 4,2 0,2 0,8 18,0 12:26 WNW 22 21,4 25,4 15:40 17,9 06:54 0,0 3,1 0,6 0,2 10,0 17:12 S 23 20,5 28,8 14:27 15,5 23:57 0,7 2,9 6,2 1,0 16,0 20:03 WNW 24 19,1 27,5 14:53 14,4 01:38 1,2 1,9 0,0 2,0 14,0 09:54 WNW 25 19,3 27,8 15:24 11,4 07:34 1,6 2,6 0,0 1,2 14,0 12:44 WNW 26 21,2 29,3 15:20 15,1 06:24 0,6 3,5 0,0 0,7 11,0 13:05 N 27 21,8 29,3 16:05 14,6 07:24 0,5 4,0 0,0 0,9 18,0 15:05 ENE 28 20,7 29,4 15:16 12,7 07:39 1,2 3,6 0,0 0,5 11,0 11:56 NW 29 19,6 30,6 15:26 11,3 06:49 2,3 3,6 0,0 0,6 14,0 15:18 WNW 30 20,2 31,6 15:01 12,0 05:32 1,9 3,9 0,0 0,2 10,0 13:29 WNW ---------------------------------------------------------------------------------- 22,3 34,7 12 11,3 29 16,3 135,6 12,0 0,7 21,0 5 NW Max >= 27,0 29 Max <= 0,0 0 Min <= 0,0 0 Min <= -18,0 0 Max Rain: 6,2 on day 23 Days of Rain: 6 (>= 0,2 mm) 2 (>= 2,0 mm) 0 (>= 20,0 mm) Heat Base: 18,3 Cool Base: 18,3 Method: Integration