NOAA-Style Climate Reports
Select a Year or Month report
2024: Gen Feb Mar Apr Mag Giu Lug Ago Set Ott Nov Dic
2023: Gen Feb Mar Apr Mag Giu Lug Ago Set Ott Nov Dic
2022: Gen Feb Mar Apr Mag Giu Lug Ago Set Ott Nov Dic
2021: Gen Feb Mar Apr Mag Giu Lug Ago Set Ott Nov Dic
2020: Gen Feb Mar Apr Mag Giu Lug Ago Set Ott Nov Dic
2019: Gen Feb Mar Apr Mag Giu Lug Ago Set Ott Nov Dic
2018: Gen Feb Mar Apr Mag Giu Lug Ago Set Ott Nov Dic
2017: Gen Feb Mar Apr Mag Giu Lug Ago Set Ott Nov Dic
2016: Gen Feb Mar Apr Mag Giu Lug Ago Set Ott Nov Dic
2015: Gen Feb Mar Apr Mag Giu Lug Ago Set Ott Nov Dic
2014: Gen Feb Mar Apr Mag Giu Lug Ago Set Ott Nov Dic
2013: Gen Feb Mar Apr Mag Giu Lug Ago Set Ott Nov Dic
2024: Gen Feb Mar Apr Mag Giu Lug Ago Set Ott Nov Dic
2023: Gen Feb Mar Apr Mag Giu Lug Ago Set Ott Nov Dic
2022: Gen Feb Mar Apr Mag Giu Lug Ago Set Ott Nov Dic
2021: Gen Feb Mar Apr Mag Giu Lug Ago Set Ott Nov Dic
2020: Gen Feb Mar Apr Mag Giu Lug Ago Set Ott Nov Dic
2019: Gen Feb Mar Apr Mag Giu Lug Ago Set Ott Nov Dic
2018: Gen Feb Mar Apr Mag Giu Lug Ago Set Ott Nov Dic
2017: Gen Feb Mar Apr Mag Giu Lug Ago Set Ott Nov Dic
2016: Gen Feb Mar Apr Mag Giu Lug Ago Set Ott Nov Dic
2015: Gen Feb Mar Apr Mag Giu Lug Ago Set Ott Nov Dic
2014: Gen Feb Mar Apr Mag Giu Lug Ago Set Ott Nov Dic
2013: Gen Feb Mar Apr Mag Giu Lug Ago Set Ott Nov Dic
Report for 2023 Ottobre
Monthly Climatological Summary for ott 2023 Name: Meteo Arquà Polesine City: Arquà Polesine (RO) State: Italia Elevation: 8 m Lat: N 45° 00' 16" Lon: E 011° 44' 26" Temperature (°C), Rain (mm), Wind Speed (km/h) Heat Cool Avg Mean Deg Deg Wind Dom Day Temp High Time Low Time Days Days Rain Speed High Time Dir ---------------------------------------------------------------------------------- 01 20,8 30,7 16:22 13,3 05:06 1,3 3,9 0,0 0,0 6,0 16:06 W 02 20,3 31,4 15:53 12,5 07:37 1,7 3,7 0,0 0,0 8,0 14:58 WNW 03 20,1 30,7 16:52 12,0 08:00 1,5 3,3 0,0 0,1 8,0 14:56 W 04 21,0 26,2 14:12 16,7 02:09 0,2 2,9 0,2 0,6 13,0 13:07 ENE 05 20,5 28,3 16:04 14,7 07:37 0,7 2,9 0,0 0,3 10,0 14:37 WNW 06 20,0 28,6 15:47 14,2 23:55 1,2 2,9 0,0 0,3 11,0 14:33 WNW 07 18,4 28,1 15:56 10,6 05:50 2,6 2,7 0,0 0,4 11,0 14:35 WSW 08 20,8 30,8 16:44 13,4 05:19 1,5 3,9 0,0 1,9 16,0 13:39 W 09 21,0 32,2 15:29 13,3 06:22 1,4 4,1 0,0 1,6 16,0 13:26 W 10 20,1 27,8 16:18 14,3 07:21 0,9 2,7 0,0 0,1 8,0 13:48 W 11 20,4 27,1 15:18 16,6 23:45 0,3 2,4 0,0 0,3 11,0 12:30 W 12 19,5 26,5 16:33 13,5 05:57 1,3 2,5 0,2 0,3 10,0 16:28 W 13 19,9 28,3 15:40 14,3 06:37 1,1 2,7 0,0 0,1 10,0 15:59 W 14 19,7 28,3 15:06 13,1 07:27 1,4 2,8 0,0 0,3 13,0 13:34 W 15 18,5 26,0 15:11 12,9 23:59 1,1 1,3 0,0 2,4 24,0 16:42 NNW 16 14,0 17,9 13:43 11,1 06:28 4,3 0,0 0,0 1,4 16,0 11:51 NE 17 13,7 19,7 14:40 9,7 08:04 4,7 0,1 0,0 0,4 13,0 09:46 N 18 11,7 14,2 14:29 10,1 18:41 6,6 0,0 10,6 1,2 13,0 17:32 NW 19 12,6 14,5 13:29 10,7 00:00 5,7 0,0 12,8 0,2 6,0 04:04 W 20 17,9 24,2 15:17 13,8 01:09 1,6 1,2 2,4 0,2 18,0 16:20 W 21 17,3 24,3 14:19 13,4 23:57 2,1 1,1 7,4 0,0 3,0 00:28 WNW 22 15,6 24,8 15:22 9,8 08:06 3,5 0,8 0,4 0,0 0,0 00:00 N 23 15,5 22,8 15:36 9,3 07:59 3,4 0,6 0,8 0,0 0,0 00:00 N 24 16,1 17,6 16:13 14,8 07:13 2,2 0,0 20,6 0,5 13,0 06:32 NW 25 15,2 20,8 16:39 12,0 06:02 3,3 0,2 0,2 0,3 11,0 02:35 W 26 14,7 17,7 16:08 11,6 05:19 3,6 0,0 3,4 0,0 0,0 00:00 N 27 16,6 21,4 15:08 12,1 23:53 2,1 0,5 2,0 2,4 24,0 14:01 W 28 14,3 22,4 14:53 9,4 07:41 4,6 0,5 0,0 0,0 2,0 00:26 N 29 13,9 17,6 13:21 9,9 03:32 4,6 0,0 0,2 0,4 13,0 13:24 NE 30 16,6 20,0 21:32 13,4 06:57 1,9 0,3 8,6 1,1 16,0 13:38 E 31 14,9 17,9 14:56 9,4 23:43 3,4 0,0 0,4 4,3 40,0 12:40 W ---------------------------------------------------------------------------------- 17,5 32,2 9 9,3 23 75,8 50,0 70,2 0,7 40,0 31 WNW Max >= 27,0 12 Max <= 0,0 0 Min <= 0,0 0 Min <= -18,0 0 Max Rain: 20,6 on day 24 Days of Rain: 15 (>= 0,2 mm) 8 (>= 2,0 mm) 1 (>= 20,0 mm) Heat Base: 18,3 Cool Base: 18,3 Method: Integration